CRAN Package Check Results for Package hydroTSM

Last updated on 2022-01-19 04:48:26 CET.

Flavor Version Tinstall Tcheck Ttotal Status Flags
r-devel-linux-x86_64-debian-clang 0.6-0 9.42 116.93 126.35 OK
r-devel-linux-x86_64-debian-gcc 0.6-0 10.36 90.77 101.13 OK
r-devel-linux-x86_64-fedora-clang 0.6-0 157.65 NOTE
r-devel-linux-x86_64-fedora-gcc 0.6-0 145.91 OK
r-devel-windows-x86_64-new-UL 0.6-0 95.00 228.00 323.00 OK
r-devel-windows-x86_64-new-TK 0.6-0 OK
r-patched-linux-x86_64 0.6-0 10.43 103.65 114.08 OK
r-release-linux-x86_64 0.6-0 OK
r-release-macos-arm64 0.6-0 OK
r-release-macos-x86_64 0.6-0 OK
r-release-windows-ix86+x86_64 0.6-0 32.00 186.00 218.00 OK
r-oldrel-macos-x86_64 0.6-0 OK
r-oldrel-windows-ix86+x86_64 0.6-0 35.00 189.00 224.00 OK

Check Details

Version: 0.6-0
Check: Rd cross-references
Result: NOTE
    Undeclared package ‘rgdal’ in Rd xrefs
Flavor: r-devel-linux-x86_64-fedora-clang