CRAN Package Check Results for Package hydroscoper

Last updated on 2021-04-13 04:47:05 CEST.

Flavor Version Tinstall Tcheck Ttotal Status Flags
r-devel-linux-x86_64-debian-clang 1.4 2.82 37.53 40.35 OK
r-devel-linux-x86_64-debian-gcc 1.4 2.34 29.41 31.75 OK
r-devel-linux-x86_64-fedora-clang 1.4 58.45 NOTE
r-devel-linux-x86_64-fedora-gcc 1.4 49.74 NOTE
r-devel-windows-ix86+x86_64 1.4 7.00 55.00 62.00 OK
r-devel-windows-x86_64-gcc10-UCRT 1.4 NOTE
r-patched-linux-x86_64 1.4 2.90 36.26 39.16 OK
r-patched-solaris-x86 1.4 68.30 NOTE
r-release-linux-x86_64 1.4 2.84 36.30 39.14 OK
r-release-macos-x86_64 1.4 NOTE
r-release-windows-ix86+x86_64 1.4 7.00 58.00 65.00 OK
r-oldrel-macos-x86_64 1.4 NOTE
r-oldrel-windows-ix86+x86_64 1.4 4.00 39.00 43.00 OK

Check Details

Version: 1.4
Check: data for non-ASCII characters
Result: NOTE
     Note: found 3026 marked UTF-8 strings
Flavors: r-devel-linux-x86_64-fedora-clang, r-devel-linux-x86_64-fedora-gcc, r-devel-windows-x86_64-gcc10-UCRT, r-patched-solaris-x86, r-release-macos-x86_64, r-oldrel-macos-x86_64