CRAN Package Check Results for Package hypergea

Last updated on 2020-09-28 00:46:47 CEST.

Flavor Version Tinstall Tcheck Ttotal Status Flags
r-devel-linux-x86_64-debian-clang 1.3.6 3.93 22.43 26.36 NOTE
r-devel-linux-x86_64-debian-gcc 1.3.6 3.06 17.28 20.34 NOTE
r-devel-linux-x86_64-fedora-clang 1.3.6 41.79 NOTE
r-devel-linux-x86_64-fedora-gcc 1.3.6 30.80 NOTE
r-devel-windows-ix86+x86_64 1.3.6 12.00 43.00 55.00 OK
r-patched-linux-x86_64 1.3.6 3.20 21.37 24.57 NOTE
r-patched-solaris-x86 1.3.6 46.60 OK
r-release-linux-x86_64 1.3.6 3.44 21.25 24.69 NOTE
r-release-macos-x86_64 1.3.6 OK
r-release-windows-ix86+x86_64 1.3.6 12.00 45.00 57.00 OK
r-oldrel-macos-x86_64 1.3.6 OK
r-oldrel-windows-ix86+x86_64 1.3.6 13.00 44.00 57.00 OK

Check Details

Version: 1.3.6
Check: use of SHLIB_OPENMP_*FLAGS in Makefiles
Result: NOTE
     src/Makevars: SHLIB_OPENMP_CFLAGS is included in PKG_CFLAGS but not in PKG_LIBS
    Use of these macros is discussed in sect 1.2.1.1 of 'Writing R
    Extensions'. The macros for different languages may differ so the
    matching macro must be used in PKG_CXXFLAGS (etc) and match that used
    in PKG_LIBS (except for Fortran: see the manual).
Flavors: r-devel-linux-x86_64-debian-clang, r-devel-linux-x86_64-debian-gcc, r-devel-linux-x86_64-fedora-clang, r-devel-linux-x86_64-fedora-gcc, r-patched-linux-x86_64, r-release-linux-x86_64