CRAN Package Check Results for Package hypergea

Last updated on 2020-02-17 17:52:10 CET.

Flavor Version Tinstall Tcheck Ttotal Status Flags
r-devel-linux-x86_64-debian-clang 1.3.6 4.02 21.15 25.17 NOTE
r-devel-linux-x86_64-debian-gcc 1.3.6 2.97 16.68 19.65 NOTE
r-devel-linux-x86_64-fedora-clang 1.3.6 31.67 NOTE
r-devel-linux-x86_64-fedora-gcc 1.3.6 30.29 NOTE
r-devel-windows-ix86+x86_64 1.3.6 11.00 44.00 55.00 OK
r-devel-windows-ix86+x86_64-gcc8 1.3.6 16.00 66.00 82.00 OK
r-patched-linux-x86_64 1.3.6 2.84 19.43 22.27 NOTE
r-patched-solaris-x86 1.3.6 43.00 OK
r-release-linux-x86_64 1.3.6 2.58 19.40 21.98 NOTE
r-release-windows-ix86+x86_64 1.3.6 10.00 44.00 54.00 OK
r-release-osx-x86_64 1.3.6 OK
r-oldrel-windows-ix86+x86_64 1.3.6 11.00 63.00 74.00 OK
r-oldrel-osx-x86_64 1.3.6 OK

Check Details

Version: 1.3.6
Check: use of SHLIB_OPENMP_*FLAGS in Makefiles
Result: NOTE
     src/Makevars: SHLIB_OPENMP_CFLAGS is included in PKG_CFLAGS but not in PKG_LIBS
    Use of these macros is discussed in sect 1.2.1.1 of 'Writing R
    Extensions'. The macros for different languages may differ so the
    matching macro must be used in PKG_CXXFLAGS (etc) and match that used
    in PKG_LIBS (except for Fortran: see the manual).
Flavors: r-devel-linux-x86_64-debian-clang, r-devel-linux-x86_64-debian-gcc, r-devel-linux-x86_64-fedora-clang, r-devel-linux-x86_64-fedora-gcc, r-patched-linux-x86_64, r-release-linux-x86_64