CRAN Package Check Results for Package iMRMC

Last updated on 2022-08-16 10:59:00 CEST.

Flavor Version Tinstall Tcheck Ttotal Status Flags
r-devel-linux-x86_64-debian-clang 1.2.4 4.33 52.76 57.09 NOTE
r-devel-linux-x86_64-debian-gcc 1.2.4 2.76 40.95 43.71 NOTE
r-devel-linux-x86_64-fedora-clang 1.2.4 82.49 NOTE
r-devel-linux-x86_64-fedora-gcc 1.2.4 80.13 NOTE
r-devel-windows-x86_64 1.2.4 59.00 65.00 124.00 NOTE
r-patched-linux-x86_64 1.2.4 4.20 51.83 56.03 OK
r-release-linux-x86_64 1.2.4 4.50 52.38 56.88 OK
r-release-macos-arm64 1.2.4 28.00 NOTE
r-release-macos-x86_64 1.2.4 39.00 NOTE
r-release-windows-x86_64 1.2.4 71.00 65.00 136.00 NOTE
r-oldrel-macos-arm64 1.2.4 33.00 NOTE
r-oldrel-macos-x86_64 1.2.4 30.00 NOTE
r-oldrel-windows-ix86+x86_64 1.2.4 8.00 64.00 72.00 NOTE

Check Details

Version: 1.2.4
Check: package subdirectories
Result: NOTE
    Problems with news in 'NEWS.md':
    No news entries found.
Flavors: r-devel-linux-x86_64-debian-clang, r-devel-linux-x86_64-debian-gcc, r-devel-linux-x86_64-fedora-clang, r-devel-linux-x86_64-fedora-gcc, r-devel-windows-x86_64

Version: 1.2.4
Check: installed package size
Result: NOTE
     installed size is 5.3Mb
     sub-directories of 1Mb or more:
     java 4.2Mb
Flavors: r-devel-linux-x86_64-fedora-clang, r-devel-windows-x86_64, r-release-macos-arm64, r-release-macos-x86_64, r-release-windows-x86_64, r-oldrel-macos-arm64, r-oldrel-macos-x86_64, r-oldrel-windows-ix86+x86_64