CRAN Package Check Results for Package iSTATS

Last updated on 2022-09-27 14:53:31 CEST.

Flavor Version Tinstall Tcheck Ttotal Status Flags
r-devel-linux-x86_64-debian-clang 1.5 9.54 73.17 82.71 OK
r-devel-linux-x86_64-debian-gcc 1.5 6.89 54.77 61.66 OK
r-devel-linux-x86_64-fedora-clang 1.5 111.10 NOTE
r-devel-linux-x86_64-fedora-gcc 1.5 105.40 OK
r-devel-windows-x86_64 1.5 22.00 96.00 118.00 NOTE
r-patched-linux-x86_64 1.5 8.27 68.32 76.59 OK
r-release-linux-x86_64 1.5 8.50 69.70 78.20 OK
r-release-macos-arm64 1.5 31.00 NOTE
r-release-macos-x86_64 1.5 54.00 NOTE
r-release-windows-x86_64 1.5 29.00 101.00 130.00 NOTE
r-oldrel-macos-arm64 1.5 33.00 NOTE
r-oldrel-macos-x86_64 1.5 58.00 NOTE
r-oldrel-windows-ix86+x86_64 1.5 25.00 95.00 120.00 NOTE

Check Details

Version: 1.5
Check: installed package size
Result: NOTE
     installed size is 5.9Mb
     sub-directories of 1Mb or more:
     app 4.3Mb
     data 1.6Mb
Flavors: r-devel-linux-x86_64-fedora-clang, r-devel-windows-x86_64, r-release-macos-arm64, r-release-macos-x86_64, r-release-windows-x86_64, r-oldrel-macos-arm64, r-oldrel-macos-x86_64, r-oldrel-windows-ix86+x86_64