CRAN Package Check Results for Package ibb

Last updated on 2020-12-05 05:48:16 CET.

Flavor Version Tinstall Tcheck Ttotal Status Flags
r-devel-linux-x86_64-debian-clang 0.0.1 3.94 37.49 41.43 OK
r-devel-linux-x86_64-debian-gcc 0.0.1 3.45 29.15 32.60 OK
r-devel-linux-x86_64-fedora-clang 0.0.1 53.92 NOTE
r-devel-linux-x86_64-fedora-gcc 0.0.1 43.46 NOTE
r-devel-windows-ix86+x86_64 0.0.1 16.00 50.00 66.00 OK
r-patched-linux-x86_64 0.0.1 3.92 36.09 40.01 OK
r-patched-solaris-x86 0.0.1 64.30 NOTE
r-release-linux-x86_64 0.0.1 4.39 35.94 40.33 OK
r-release-macos-x86_64 0.0.1 NOTE
r-release-windows-ix86+x86_64 0.0.1 9.00 39.00 48.00 OK
r-oldrel-macos-x86_64 0.0.1 NOTE
r-oldrel-windows-ix86+x86_64 0.0.1 7.00 47.00 54.00 OK

Check Details

Version: 0.0.1
Check: dependencies in R code
Result: NOTE
    Namespace in Imports field not imported from: ‘xml2’
     All declared Imports should be used.
Flavors: r-devel-linux-x86_64-fedora-clang, r-devel-linux-x86_64-fedora-gcc, r-patched-solaris-x86, r-release-macos-x86_64, r-oldrel-macos-x86_64

Version: 0.0.1
Check: data for non-ASCII characters
Result: NOTE
     Note: found 359 marked UTF-8 strings
Flavors: r-devel-linux-x86_64-fedora-clang, r-devel-linux-x86_64-fedora-gcc, r-patched-solaris-x86, r-release-macos-x86_64, r-oldrel-macos-x86_64