CRAN Package Check Results for Package ibmAcousticR

Last updated on 2020-12-02 09:51:14 CET.

Flavor Version Tinstall Tcheck Ttotal Status Flags
r-devel-linux-x86_64-debian-clang 0.2.1 3.94 31.58 35.52 OK
r-devel-linux-x86_64-debian-gcc 0.2.1 3.10 25.47 28.57 OK
r-devel-linux-x86_64-fedora-clang 0.2.1 46.30 OK
r-devel-linux-x86_64-fedora-gcc 0.2.1 35.94 OK
r-devel-windows-ix86+x86_64 0.2.1 6.00 38.00 44.00 OK
r-patched-linux-x86_64 0.2.1 3.60 30.23 33.83 OK
r-patched-solaris-x86 0.2.1 56.30 OK
r-release-linux-x86_64 0.2.1 3.42 30.69 34.11 OK
r-release-macos-x86_64 0.2.1 OK
r-release-windows-ix86+x86_64 0.2.1 5.00 37.00 42.00 OK
r-oldrel-macos-x86_64 0.2.1 ERROR
r-oldrel-windows-ix86+x86_64 0.1.2 4.00 32.00 36.00 OK

Check Details

Version: 0.2.1
Check: package dependencies
Result: ERROR
    Package required and available but unsuitable version: ‘XML’
    
    See section ‘The DESCRIPTION file’ in the ‘Writing R Extensions’
    manual.
Flavor: r-oldrel-macos-x86_64