CRAN Package Check Results for Package ibmdbR

Last updated on 2020-11-25 06:46:43 CET.

Flavor Version Tinstall Tcheck Ttotal Status Flags
r-devel-linux-x86_64-debian-clang 1.50.0 21.22 132.60 153.82 NOTE
r-devel-linux-x86_64-debian-gcc 1.50.0 19.06 101.90 120.96 NOTE
r-devel-linux-x86_64-fedora-clang 1.50.0 198.53 NOTE
r-devel-linux-x86_64-fedora-gcc 1.50.0 187.53 NOTE
r-devel-windows-ix86+x86_64 1.50.0 43.00 176.00 219.00 OK
r-patched-linux-x86_64 1.50.0 20.64 124.65 145.29 NOTE
r-patched-solaris-x86 1.50.0 242.20 NOTE
r-release-linux-x86_64 1.50.0 20.83 125.45 146.28 NOTE
r-release-macos-x86_64 1.50.0 OK
r-release-windows-ix86+x86_64 1.50.0 46.00 147.00 193.00 OK
r-oldrel-macos-x86_64 1.50.0 OK
r-oldrel-windows-ix86+x86_64 1.50.0 27.00 155.00 182.00 OK

Check Details

Version: 1.50.0
Check: package dependencies
Result: NOTE
    Package suggested but not available for checking: 'SparkR'
Flavors: r-devel-linux-x86_64-debian-clang, r-devel-linux-x86_64-debian-gcc, r-devel-linux-x86_64-fedora-clang, r-devel-linux-x86_64-fedora-gcc, r-patched-linux-x86_64, r-patched-solaris-x86, r-release-linux-x86_64