Last updated on 2023-06-06 06:53:46 CEST.
Flavor | Version | Tinstall | Tcheck | Ttotal | Status | Flags |
---|---|---|---|---|---|---|
r-devel-linux-x86_64-debian-clang | 1.0.2 | 45.37 | 389.83 | 435.20 | OK | |
r-devel-linux-x86_64-debian-gcc | 1.0.2 | 30.65 | 287.87 | 318.52 | OK | |
r-devel-linux-x86_64-fedora-clang | 1.0.2 | 530.96 | NOTE | |||
r-devel-linux-x86_64-fedora-gcc | 1.0.2 | 506.38 | NOTE | |||
r-devel-windows-x86_64 | 1.0.2 | 35.00 | 244.00 | 279.00 | OK | |
r-patched-linux-x86_64 | 1.0.2 | 29.38 | 365.78 | 395.16 | OK | |
r-release-linux-x86_64 | 1.0.2 | 28.99 | 364.10 | 393.09 | OK | |
r-release-macos-arm64 | 1.0.2 | 130.00 | OK | |||
r-release-macos-x86_64 | 1.0.2 | 227.00 | OK | |||
r-release-windows-x86_64 | 1.0.2 | 49.00 | 337.00 | 386.00 | OK | |
r-oldrel-macos-arm64 | 1.0.2 | 99.00 | NOTE | |||
r-oldrel-macos-x86_64 | 1.0.2 | 183.00 | NOTE | |||
r-oldrel-windows-x86_64 | 1.0.2 | 50.00 | 330.00 | 380.00 | OK |
Version: 1.0.2
Check: dependencies in R code
Result: NOTE
Namespace in Imports field not imported from: ‘methods’
All declared Imports should be used.
Flavors: r-devel-linux-x86_64-fedora-clang, r-devel-linux-x86_64-fedora-gcc, r-oldrel-macos-arm64, r-oldrel-macos-x86_64