CRAN Package Check Results for Package icenReg

Last updated on 2019-09-23 15:47:07 CEST.

Flavor Version Tinstall Tcheck Ttotal Status Flags
r-devel-linux-x86_64-debian-clang 2.0.10 62.20 147.70 209.90 OK
r-devel-linux-x86_64-debian-gcc 2.0.10 56.99 110.05 167.04 OK
r-devel-linux-x86_64-fedora-clang 2.0.10 271.73 NOTE
r-devel-linux-x86_64-fedora-gcc 2.0.10 277.60 OK
r-devel-windows-ix86+x86_64 2.0.10 127.00 368.00 495.00 OK
r-patched-linux-x86_64 2.0.10 61.38 147.28 208.66 OK
r-patched-solaris-x86 2.0.10 365.50 OK
r-release-linux-x86_64 2.0.10 63.50 147.39 210.89 OK
r-release-windows-ix86+x86_64 2.0.10 126.00 356.00 482.00 OK
r-release-osx-x86_64 2.0.10 NOTE
r-oldrel-windows-ix86+x86_64 2.0.10 90.00 283.00 373.00 OK
r-oldrel-osx-x86_64 2.0.10 NOTE

Check Details

Version: 2.0.10
Check: installed package size
Result: NOTE
     installed size is 15.1Mb
     sub-directories of 1Mb or more:
     libs 13.7Mb
Flavors: r-devel-linux-x86_64-fedora-clang, r-release-osx-x86_64, r-oldrel-osx-x86_64