CRAN Package Check Results for Package icertool

Last updated on 2024-07-20 19:52:51 CEST.

Flavor Version Tinstall Tcheck Ttotal Status Flags
r-devel-linux-x86_64-debian-clang 0.0.3 2.70 24.55 27.25 OK
r-devel-linux-x86_64-debian-gcc 0.0.3 2.25 18.84 21.09 OK
r-devel-linux-x86_64-fedora-clang 0.0.3 36.20 NOTE
r-devel-linux-x86_64-fedora-gcc 0.0.3 32.55 NOTE
r-devel-windows-x86_64 0.0.3 4.00 45.00 49.00 OK
r-patched-linux-x86_64 0.0.3 1.78 24.10 25.88 OK
r-release-linux-x86_64 0.0.3 1.90 22.99 24.89 OK
r-release-macos-arm64 0.0.3 17.00 OK
r-release-macos-x86_64 0.0.3 25.00 OK
r-release-windows-x86_64 0.0.3 4.00 47.00 51.00 OK
r-oldrel-macos-arm64 0.0.3 18.00 OK
r-oldrel-macos-x86_64 0.0.3 21.00 OK
r-oldrel-windows-x86_64 0.0.3 5.00 45.00 50.00 OK

Check Details

Version: 0.0.3
Check: dependencies in R code
Result: NOTE Namespaces in Imports field not imported from: ‘digest’ ‘purrr’ ‘tidyverse’ All declared Imports should be used. Flavors: r-devel-linux-x86_64-fedora-clang, r-devel-linux-x86_64-fedora-gcc