CRAN Package Check Results for Package idem

Last updated on 2022-01-19 04:48:26 CET.

Flavor Version Tinstall Tcheck Ttotal Status Flags
r-devel-linux-x86_64-debian-clang 5.1 111.12 182.22 293.34 NOTE
r-devel-linux-x86_64-debian-gcc 5.1 98.80 141.36 240.16 NOTE
r-devel-linux-x86_64-fedora-clang 5.1 390.40 NOTE
r-devel-linux-x86_64-fedora-gcc 5.1 395.03 NOTE
r-devel-windows-x86_64-new-UL 5.1 387.00 231.00 618.00 NOTE
r-devel-windows-x86_64-new-TK 5.1 NOTE
r-patched-linux-x86_64 5.1 111.61 181.36 292.97 NOTE
r-release-linux-x86_64 5.1 NOTE
r-release-macos-arm64 5.1 NOTE
r-release-macos-x86_64 5.1 NOTE
r-release-windows-ix86+x86_64 5.1 261.00 285.00 546.00 NOTE
r-oldrel-macos-x86_64 5.1 NOTE
r-oldrel-windows-ix86+x86_64 5.1 265.00 283.00 548.00 NOTE

Check Details

Version: 5.1
Check: for GNU extensions in Makefiles
Result: NOTE
    GNU make is a SystemRequirements.
Flavors: r-devel-linux-x86_64-debian-clang, r-devel-linux-x86_64-debian-gcc, r-devel-linux-x86_64-fedora-clang, r-devel-linux-x86_64-fedora-gcc, r-devel-windows-x86_64-new-UL, r-devel-windows-x86_64-new-TK, r-patched-linux-x86_64, r-release-linux-x86_64, r-release-macos-arm64, r-release-macos-x86_64, r-release-windows-ix86+x86_64, r-oldrel-macos-x86_64, r-oldrel-windows-ix86+x86_64

Version: 5.1
Check: installed package size
Result: NOTE
     installed size is 23.1Mb
     sub-directories of 1Mb or more:
     doc 1.2Mb
     libs 21.4Mb
Flavors: r-devel-linux-x86_64-fedora-clang, r-release-macos-arm64, r-release-macos-x86_64, r-release-windows-ix86+x86_64, r-oldrel-macos-x86_64, r-oldrel-windows-ix86+x86_64

Version: 5.1
Check: line endings in C/C++/Fortran sources/headers
Result: NOTE
    Found the following sources/headers with CR or CRLF line endings:
     src/stan_files/idem.hpp
    Some Unix compilers require LF line endings.
Flavor: r-devel-windows-x86_64-new-TK