CRAN Package Check Results for Package idendr0

Last updated on 2022-08-19 09:52:15 CEST.

Flavor Version Tinstall Tcheck Ttotal Status Flags
r-devel-linux-x86_64-debian-clang 1.5.3 4.54 40.82 45.36 NOTE
r-devel-linux-x86_64-debian-gcc 1.5.3 3.96 32.22 36.18 NOTE
r-devel-linux-x86_64-fedora-clang 1.5.3 72.18 NOTE
r-devel-linux-x86_64-fedora-gcc 1.5.3 65.28 NOTE
r-devel-windows-x86_64 1.5.3 26.00 70.00 96.00 NOTE
r-patched-linux-x86_64 1.5.3 7.04 41.87 48.91 NOTE
r-release-linux-x86_64 1.5.3 NOTE
r-release-macos-arm64 1.5.3 29.00 NOTE
r-release-macos-x86_64 1.5.3 40.00 NOTE
r-release-windows-x86_64 1.5.3 32.00 64.00 96.00 NOTE
r-oldrel-macos-arm64 1.5.3 43.00 NOTE
r-oldrel-macos-x86_64 1.5.3 78.00 NOTE
r-oldrel-windows-ix86+x86_64 1.5.3 10.00 61.00 71.00 OK

Check Details

Version: 1.5.3
Check: package dependencies
Result: NOTE
    Package suggested but not available for checking: 'rggobi'
Flavors: r-devel-linux-x86_64-debian-clang, r-devel-linux-x86_64-debian-gcc, r-devel-linux-x86_64-fedora-clang, r-devel-linux-x86_64-fedora-gcc, r-devel-windows-x86_64, r-patched-linux-x86_64, r-release-linux-x86_64, r-release-macos-arm64, r-release-macos-x86_64, r-release-windows-x86_64, r-oldrel-macos-arm64, r-oldrel-macos-x86_64