CRAN Package Check Results for Package igraph

Last updated on 2020-01-24 07:55:55 CET.

Flavor Version Tinstall Tcheck Ttotal Status Flags
r-devel-linux-x86_64-debian-clang 1.2.4.2 249.47 269.76 519.23 OK
r-devel-linux-x86_64-debian-gcc 1.2.4.2 158.42 206.74 365.16 OK
r-devel-linux-x86_64-fedora-clang 1.2.4.2 676.09 NOTE
r-devel-linux-x86_64-fedora-gcc 1.2.4.2 604.22 OK
r-devel-windows-ix86+x86_64 1.2.4.2 8.00 8.00 16.00 ERROR
r-devel-windows-ix86+x86_64-gcc8 1.2.4.2 770.00 879.00 1649.00 WARN
r-patched-linux-x86_64 1.2.4.2 180.66 245.42 426.08 OK
r-patched-solaris-x86 1.2.4.2 904.30 NOTE
r-release-linux-x86_64 1.2.4.2 175.93 245.86 421.79 OK
r-release-windows-ix86+x86_64 1.2.4.2 788.00 909.00 1697.00 NOTE
r-release-osx-x86_64 1.2.4.2 NOTE
r-oldrel-windows-ix86+x86_64 1.2.4.2 588.00 432.00 1020.00 NOTE
r-oldrel-osx-x86_64 1.2.4.2 NOTE

Additional issues

LTO

Check Details

Version: 1.2.4.2
Check: installed package size
Result: NOTE
     installed size is 16.5Mb
     sub-directories of 1Mb or more:
     R 1.4Mb
     help 1.1Mb
     libs 13.5Mb
Flavors: r-devel-linux-x86_64-fedora-clang, r-devel-windows-ix86+x86_64-gcc8, r-patched-solaris-x86, r-release-windows-ix86+x86_64, r-release-osx-x86_64, r-oldrel-windows-ix86+x86_64, r-oldrel-osx-x86_64

Version: 1.2.4.2
Check: whether package can be installed
Result: ERROR
    Installation failed.
Flavor: r-devel-windows-ix86+x86_64

Version: 1.2.4.2
Check: whether package can be installed
Result: WARN
    Found the following significant warnings:
     uuid/gen_uuid.c:321:11: warning: ordered comparison of pointer with integer zero [-Wpedantic]
Flavor: r-devel-windows-ix86+x86_64-gcc8

Version: 1.2.4.2
Check: dependencies in R code
Result: NOTE
    No protocol specified
    No protocol specified
    No protocol specified
Flavors: r-release-osx-x86_64, r-oldrel-osx-x86_64