Last updated on 2023-03-27 23:55:43 CEST.
Flavor | Version | Tinstall | Tcheck | Ttotal | Status | Flags |
---|---|---|---|---|---|---|
r-devel-linux-x86_64-debian-clang | 1.0.2.1 | 58.87 | 111.27 | 170.14 | NOTE | |
r-devel-linux-x86_64-debian-gcc | 1.0.2.1 | 45.43 | 80.46 | 125.89 | NOTE | |
r-devel-linux-x86_64-fedora-clang | 1.0.2.1 | 230.09 | NOTE | |||
r-devel-linux-x86_64-fedora-gcc | 1.0.2.1 | 223.89 | NOTE | |||
r-patched-linux-x86_64 | 1.0.2.1 | 49.20 | 105.29 | 154.49 | NOTE | |
r-release-linux-x86_64 | 1.0.2.1 | 47.46 | 103.49 | 150.95 | OK | |
r-release-macos-arm64 | 1.0.2.1 | 48.00 | OK | |||
r-release-macos-x86_64 | 1.0.2.1 | 92.00 | OK | |||
r-release-windows-x86_64 | 1.0.2.1 | 70.00 | 172.00 | 242.00 | OK | |
r-oldrel-macos-arm64 | 1.0.2.1 | 73.00 | OK | |||
r-oldrel-macos-x86_64 | 1.0.2.1 | 84.00 | OK | |||
r-oldrel-windows-ix86+x86_64 | 1.0.2.1 | 142.00 | 219.00 | 361.00 | OK |
Version: 1.0.2.1
Check: C++ specification
Result: NOTE
Specified C++11: please drop specification unless essential
Flavors: r-devel-linux-x86_64-debian-clang, r-devel-linux-x86_64-debian-gcc, r-devel-linux-x86_64-fedora-clang, r-devel-linux-x86_64-fedora-gcc, r-patched-linux-x86_64