CRAN Package Check Results for Package imfr

Last updated on 2020-01-20 20:47:40 CET.

Flavor Version Tinstall Tcheck Ttotal Status Flags
r-devel-linux-x86_64-debian-clang 0.1.7 4.01 33.24 37.25 OK
r-devel-linux-x86_64-debian-gcc 0.1.7 3.36 25.92 29.28 OK
r-devel-linux-x86_64-fedora-clang 0.1.7 44.84 OK
r-devel-linux-x86_64-fedora-gcc 0.1.7 43.75 OK
r-devel-windows-ix86+x86_64 0.1.7 17.00 53.00 70.00 OK
r-devel-windows-ix86+x86_64-gcc8 0.1.7 10.00 74.00 84.00 OK
r-patched-linux-x86_64 0.1.7 3.40 29.98 33.38 OK
r-patched-solaris-x86 0.1.7 60.80 OK
r-release-linux-x86_64 0.1.7 3.25 29.15 32.40 ERROR
r-release-windows-ix86+x86_64 0.1.7 8.00 71.00 79.00 OK
r-release-osx-x86_64 0.1.7 OK
r-oldrel-windows-ix86+x86_64 0.1.7 4.00 46.00 50.00 OK
r-oldrel-osx-x86_64 0.1.7 OK

Check Details

Version: 0.1.7
Check: examples
Result: ERROR
    Running examples in ‘imfr-Ex.R’ failed
    The error most likely occurred in:
    
    > base::assign(".ptime", proc.time(), pos = "CheckExEnv")
    > ### Name: imf_codes
    > ### Title: Retrieve individual database codes
    > ### Aliases: imf_codes
    >
    > ### ** Examples
    >
    > # Retrieve indicators from BOP database
    > test = imf_codes(codelist = 'CL_INDICATOR_BOP')
    
    Downloading: 860 B
    Downloading: 860 B
    Downloading: 3.8 kB
    Downloading: 3.8 kB
    Downloading: 5.5 kB
    Downloading: 5.5 kB
    Downloading: 11 kB
    Downloading: 11 kB
    Downloading: 13 kB
    Downloading: 13 kB
    Downloading: 26 kB
    Downloading: 26 kB
    Downloading: 28 kB
    Downloading: 28 kB
    Downloading: 44 kB
    Downloading: 44 kB
    Downloading: 54 kB
    Downloading: 54 kB
    Downloading: 55 kB
    Downloading: 55 kB
    Downloading: 60 kB
    Downloading: 60 kB
    Downloading: 76 kB
    Downloading: 76 kB
    Downloading: 93 kB
    Downloading: 93 kB
    Downloading: 110 kB
    Downloading: 110 kB
    Downloading: 110 kB
    Downloading: 110 kB
    Downloading: 110 kB
    Downloading: 110 kB
    Downloading: 120 kB
    Downloading: 120 kB
    Downloading: 140 kB
    Downloading: 140 kB
    Downloading: 150 kB
    Downloading: 150 kB
    Downloading: 150 kB
    Downloading: 150 kB
    Downloading: 150 kB
    Downloading: 150 kB Error: Unable to download series.
    Execution halted
Flavor: r-release-linux-x86_64