CRAN Package Check Results for Package impactr

Last updated on 2022-01-20 04:52:55 CET.

Flavor Version Tinstall Tcheck Ttotal Status Flags
r-devel-linux-x86_64-debian-clang 0.4.0 NOTE
r-devel-linux-x86_64-debian-gcc 0.4.0 18.44 50.81 69.25 NOTE
r-devel-linux-x86_64-fedora-clang 0.4.0 131.89 NOTE
r-devel-linux-x86_64-fedora-gcc 0.4.0 101.97 NOTE
r-devel-windows-x86_64-new-UL 0.4.0 73.00 105.00 178.00 NOTE
r-devel-windows-x86_64-new-TK 0.4.0 NOTE
r-patched-linux-x86_64 0.4.0 23.70 63.02 86.72 NOTE
r-release-linux-x86_64 0.3.0 OK
r-release-macos-arm64 0.4.0 NOTE
r-release-macos-x86_64 0.4.0 NOTE
r-release-windows-ix86+x86_64 0.4.0 67.00 106.00 173.00 NOTE
r-oldrel-macos-x86_64 0.3.0 ERROR
r-oldrel-windows-ix86+x86_64 0.3.0 81.00 111.00 192.00 ERROR

Check Details

Version: 0.4.0
Check: package dependencies
Result: NOTE
    Package suggested but not available for checking: 'accdata'
Flavors: r-devel-linux-x86_64-debian-clang, r-devel-linux-x86_64-debian-gcc, r-devel-linux-x86_64-fedora-clang, r-devel-linux-x86_64-fedora-gcc, r-devel-windows-x86_64-new-UL, r-devel-windows-x86_64-new-TK, r-patched-linux-x86_64, r-release-macos-arm64, r-release-macos-x86_64, r-release-windows-ix86+x86_64

Version: 0.3.0
Check: tests
Result: ERROR
     Running ‘testthat.R’ [2s/2s]
    Running the tests in ‘tests/testthat.R’ failed.
    Complete output:
     > library(testthat)
     > library(impactr)
     >
     > test_check("impactr")
     Error in parse(con, n = -1, srcfile = srcfile, encoding = "UTF-8") :
     test-signal_processing.R:25:11: unexpected '>'
     24: expect_error(
     25: data |>
     ^
     Calls: test_check ... doTryCatch -> lapply -> FUN -> source_file -> parse
     Execution halted
Flavor: r-oldrel-macos-x86_64

Version: 0.3.0
Check: for unstated dependencies in ‘tests’
Result: WARN
    Warning: parse error in file 'testthat/test-signal_processing.R':
    25:11: unexpected '>'
    24: expect_error(
    25: data |>
     ^
    Warning: parse error in file 'testthat/test-utils.R':
    22:11: unexpected '>'
    21: expect_error(
    22: data |>
     ^
Flavor: r-oldrel-windows-ix86+x86_64

Version: 0.3.0
Check: running tests for arch ‘i386’
Result: ERROR
     Running 'testthat.R' [5s]
    Running the tests in 'tests/testthat.R' failed.
    Complete output:
     > library(testthat)
     > library(impactr)
     >
     > test_check("impactr")
     Error in parse(con, n = -1, srcfile = srcfile, encoding = "UTF-8") :
     test-signal_processing.R:25:11: unexpected '>'
     24: expect_error(
     25: data |>
     ^
     Calls: test_check ... doTryCatch -> lapply -> FUN -> source_file -> parse
     Execution halted
Flavor: r-oldrel-windows-ix86+x86_64

Version: 0.3.0
Check: running tests for arch ‘x64’
Result: ERROR
     Running 'testthat.R' [6s]
    Running the tests in 'tests/testthat.R' failed.
    Complete output:
     > library(testthat)
     > library(impactr)
     >
     > test_check("impactr")
     Error in parse(con, n = -1, srcfile = srcfile, encoding = "UTF-8") :
     test-signal_processing.R:25:11: unexpected '>'
     24: expect_error(
     25: data |>
     ^
     Calls: test_check ... doTryCatch -> lapply -> FUN -> source_file -> parse
     Execution halted
Flavor: r-oldrel-windows-ix86+x86_64