Last updated on 2022-07-01 02:54:19 CEST.
Flavor | Version | Tinstall | Tcheck | Ttotal | Status | Flags |
---|---|---|---|---|---|---|
r-devel-linux-x86_64-debian-clang | 0.1.0 | 6.83 | 60.64 | 67.47 | OK | |
r-devel-linux-x86_64-debian-gcc | 0.1.0 | 5.38 | 45.80 | 51.18 | OK | |
r-devel-linux-x86_64-fedora-clang | 0.1.0 | 93.23 | NOTE | |||
r-devel-linux-x86_64-fedora-gcc | 0.1.0 | 94.50 | NOTE | |||
r-devel-windows-x86_64 | 0.1.0 | 13.00 | 89.00 | 102.00 | OK | |
r-patched-linux-x86_64 | 0.1.0 | 7.30 | 56.36 | 63.66 | OK | |
r-release-linux-x86_64 | 0.1.0 | 5.70 | 55.77 | 61.47 | OK | |
r-release-macos-arm64 | 0.1.0 | 26.00 | NOTE | |||
r-release-macos-x86_64 | 0.1.0 | 47.00 | NOTE | |||
r-release-windows-x86_64 | 0.1.0 | 45.00 | 95.00 | 140.00 | OK | |
r-oldrel-macos-arm64 | 0.1.0 | 30.00 | NOTE | |||
r-oldrel-macos-x86_64 | 0.1.0 | 37.00 | NOTE | |||
r-oldrel-windows-ix86+x86_64 | 0.1.0 | 19.00 | 83.00 | 102.00 | OK |
Version: 0.1.0
Check: data for non-ASCII characters
Result: NOTE
Note: found 2 marked UTF-8 strings
Flavors: r-devel-linux-x86_64-fedora-clang, r-devel-linux-x86_64-fedora-gcc, r-release-macos-arm64, r-release-macos-x86_64, r-oldrel-macos-arm64, r-oldrel-macos-x86_64