CRAN Package Check Results for Package informR

Last updated on 2020-02-23 10:48:53 CET.

Flavor Version Tinstall Tcheck Ttotal Status Flags
r-devel-linux-x86_64-debian-clang 1.0-5 4.96 39.67 44.63 NOTE
r-devel-linux-x86_64-debian-gcc 1.0-5 3.85 30.77 34.62 NOTE
r-devel-linux-x86_64-fedora-clang 1.0-5 53.52 NOTE
r-devel-linux-x86_64-fedora-gcc 1.0-5 52.26 NOTE
r-devel-windows-ix86+x86_64 1.0-5 11.00 51.00 62.00 NOTE
r-devel-windows-ix86+x86_64-gcc8 1.0-5 17.00 71.00 88.00 NOTE
r-patched-linux-x86_64 1.0-5 NOTE
r-patched-solaris-x86 1.0-5 73.80 NOTE
r-release-linux-x86_64 1.0-5 4.19 35.63 39.82 NOTE
r-release-windows-ix86+x86_64 1.0-5 9.00 53.00 62.00 NOTE
r-release-osx-x86_64 1.0-5 NOTE
r-oldrel-windows-ix86+x86_64 1.0-5 6.00 50.00 56.00 NOTE
r-oldrel-osx-x86_64 1.0-5 NOTE

Check Details

Version: 1.0-5
Check: R code for possible problems
Result: NOTE
    gen.intercepts: no visible global function definition for 'contr.SAS'
    Undefined global functions or variables:
     contr.SAS
    Consider adding
     importFrom("stats", "contr.SAS")
    to your NAMESPACE file.
Flavors: r-devel-linux-x86_64-debian-clang, r-devel-linux-x86_64-debian-gcc, r-devel-linux-x86_64-fedora-clang, r-devel-linux-x86_64-fedora-gcc, r-devel-windows-ix86+x86_64, r-devel-windows-ix86+x86_64-gcc8, r-patched-linux-x86_64, r-patched-solaris-x86, r-release-linux-x86_64, r-release-windows-ix86+x86_64, r-release-osx-x86_64, r-oldrel-windows-ix86+x86_64, r-oldrel-osx-x86_64