CRAN Package Check Results for Package informR

Last updated on 2019-09-22 08:48:16 CEST.

Flavor Version Tinstall Tcheck Ttotal Status Flags
r-devel-linux-x86_64-debian-clang 1.0-5 4.57 36.03 40.60 NOTE
r-devel-linux-x86_64-debian-gcc 1.0-5 3.89 29.56 33.45 NOTE
r-devel-linux-x86_64-fedora-clang 1.0-5 49.76 NOTE
r-devel-linux-x86_64-fedora-gcc 1.0-5 48.49 NOTE
r-devel-windows-ix86+x86_64 1.0-5 20.00 54.00 74.00 NOTE
r-patched-linux-x86_64 1.0-5 3.86 35.63 39.49 NOTE
r-patched-solaris-x86 1.0-5 76.70 NOTE
r-release-linux-x86_64 1.0-5 3.55 35.28 38.83 NOTE
r-release-windows-ix86+x86_64 1.0-5 7.00 52.00 59.00 NOTE
r-release-osx-x86_64 1.0-5 NOTE
r-oldrel-windows-ix86+x86_64 1.0-5 6.00 80.00 86.00 NOTE
r-oldrel-osx-x86_64 1.0-5 NOTE

Check Details

Version: 1.0-5
Check: R code for possible problems
Result: NOTE
    gen.intercepts: no visible global function definition for 'contr.SAS'
    Undefined global functions or variables:
     contr.SAS
    Consider adding
     importFrom("stats", "contr.SAS")
    to your NAMESPACE file.
Flavors: r-devel-linux-x86_64-debian-clang, r-devel-linux-x86_64-debian-gcc, r-devel-linux-x86_64-fedora-clang, r-devel-linux-x86_64-fedora-gcc, r-devel-windows-ix86+x86_64, r-patched-linux-x86_64, r-patched-solaris-x86, r-release-linux-x86_64, r-release-windows-ix86+x86_64, r-release-osx-x86_64, r-oldrel-windows-ix86+x86_64, r-oldrel-osx-x86_64