CRAN Package Check Results for Package informR

Last updated on 2022-01-18 13:16:06 CET.

Flavor Version Tinstall Tcheck Ttotal Status Flags
r-devel-linux-x86_64-debian-clang 1.0-5 5.50 54.76 60.26 NOTE
r-devel-linux-x86_64-debian-gcc 1.0-5 4.86 43.34 48.20 NOTE
r-devel-linux-x86_64-fedora-clang 1.0-5 74.15 NOTE
r-devel-linux-x86_64-fedora-gcc 1.0-5 62.50 NOTE
r-devel-windows-x86_64-new-UL 1.0-5 26.00 74.00 100.00 NOTE
r-devel-windows-x86_64-new-TK 1.0-5 NOTE
r-patched-linux-x86_64 1.0-5 10.15 52.57 62.72 NOTE
r-release-linux-x86_64 1.0-5 NOTE
r-release-macos-arm64 1.0-5 NOTE
r-release-macos-x86_64 1.0-5 NOTE
r-release-windows-ix86+x86_64 1.0-5 11.00 66.00 77.00 NOTE
r-oldrel-macos-x86_64 1.0-5 NOTE
r-oldrel-windows-ix86+x86_64 1.0-5 12.00 68.00 80.00 NOTE

Check Details

Version: 1.0-5
Check: R code for possible problems
Result: NOTE
    gen.intercepts: no visible global function definition for 'contr.SAS'
    Undefined global functions or variables:
     contr.SAS
    Consider adding
     importFrom("stats", "contr.SAS")
    to your NAMESPACE file.
Flavors: r-devel-linux-x86_64-debian-clang, r-devel-linux-x86_64-debian-gcc, r-devel-linux-x86_64-fedora-clang, r-devel-linux-x86_64-fedora-gcc, r-devel-windows-x86_64-new-UL, r-devel-windows-x86_64-new-TK, r-patched-linux-x86_64, r-release-linux-x86_64, r-release-macos-arm64, r-release-macos-x86_64, r-release-windows-ix86+x86_64, r-oldrel-macos-x86_64, r-oldrel-windows-ix86+x86_64