CRAN Package Check Results for Package infotheo

Last updated on 2021-11-27 07:49:52 CET.

Flavor Version Tinstall Tcheck Ttotal Status Flags
r-devel-linux-x86_64-debian-clang 1.2.0 NOTE
r-devel-linux-x86_64-debian-gcc 1.2.0 3.92 17.30 21.22 NOTE
r-devel-linux-x86_64-fedora-clang 1.2.0 46.61 NOTE
r-devel-linux-x86_64-fedora-gcc 1.2.0 33.30 NOTE
r-devel-windows-x86_64-new-UL 1.2.0 16.00 66.00 82.00 NOTE
r-devel-windows-x86_64-new-TK 1.2.0 NOTE
r-devel-windows-x86_64-old 1.2.0 9.00 41.00 50.00 NOTE
r-patched-linux-x86_64 1.2.0 4.82 20.72 25.54 NOTE
r-patched-solaris-x86 1.2.0 51.20 NOTE
r-release-linux-x86_64 1.2.0 NOTE
r-release-macos-arm64 1.2.0 NOTE
r-release-macos-x86_64 1.2.0 NOTE
r-release-windows-ix86+x86_64 1.2.0 15.00 41.00 56.00 NOTE
r-oldrel-macos-x86_64 1.2.0 NOTE
r-oldrel-windows-ix86+x86_64 1.2.0 12.00 39.00 51.00 NOTE

Check Details

Version: 1.2.0
Check: R code for possible problems
Result: NOTE
    entropy: no visible global function definition for 'na.omit'
    interinformation: no visible global function definition for 'na.omit'
    multiinformation: no visible global function definition for 'na.omit'
    mutinformation: no visible global function definition for 'na.omit'
    Undefined global functions or variables:
     na.omit
    Consider adding
     importFrom("stats", "na.omit")
    to your NAMESPACE file.
Flavors: r-devel-linux-x86_64-debian-clang, r-devel-linux-x86_64-debian-gcc, r-devel-linux-x86_64-fedora-clang, r-devel-linux-x86_64-fedora-gcc, r-devel-windows-x86_64-new-UL, r-devel-windows-x86_64-new-TK, r-devel-windows-x86_64-old, r-patched-linux-x86_64, r-patched-solaris-x86, r-release-linux-x86_64, r-release-macos-arm64, r-release-macos-x86_64, r-release-windows-ix86+x86_64, r-oldrel-macos-x86_64, r-oldrel-windows-ix86+x86_64

Version: 1.2.0
Check: compiled code
Result: NOTE
    File ‘infotheo/libs/infotheo.so’:
     Found no calls to: ‘R_registerRoutines’, ‘R_useDynamicSymbols’
    
    It is good practice to register native routines and to disable symbol
    search.
    
    See ‘Writing portable packages’ in the ‘Writing R Extensions’ manual.
Flavors: r-devel-linux-x86_64-fedora-clang, r-devel-linux-x86_64-fedora-gcc