CRAN Package Check Results for Package inplace

Last updated on 2022-10-01 18:54:15 CEST.

Flavor Version Tinstall Tcheck Ttotal Status Flags
r-devel-linux-x86_64-debian-clang 0.1.2 111.36 33.97 145.33 NOTE
r-devel-linux-x86_64-debian-gcc 0.1.2 83.01 27.26 110.27 NOTE
r-devel-linux-x86_64-fedora-clang 0.1.2 241.31 NOTE
r-devel-linux-x86_64-fedora-gcc 0.1.2 193.05 NOTE
r-devel-windows-x86_64 0.1.2 85.00 82.00 167.00 NOTE
r-patched-linux-x86_64 0.1.2 89.01 33.49 122.50 NOTE
r-release-linux-x86_64 0.1.2 83.29 32.86 116.15 NOTE
r-release-macos-arm64 0.1.2 42.00 NOTE
r-release-macos-x86_64 0.1.2 65.00 NOTE
r-release-windows-x86_64 0.1.2 83.00 81.00 164.00 NOTE
r-oldrel-macos-arm64 0.1.2 46.00 NOTE
r-oldrel-macos-x86_64 0.1.2 97.00 NOTE
r-oldrel-windows-ix86+x86_64 0.1.2 269.00 93.00 362.00 NOTE

Check Details

Version: 0.1.2
Check: LazyData
Result: NOTE
     'LazyData' is specified without a 'data' directory
Flavors: r-devel-linux-x86_64-debian-clang, r-devel-linux-x86_64-debian-gcc, r-devel-linux-x86_64-fedora-clang, r-devel-linux-x86_64-fedora-gcc, r-devel-windows-x86_64, r-patched-linux-x86_64, r-release-linux-x86_64, r-release-macos-arm64, r-release-macos-x86_64, r-release-windows-x86_64, r-oldrel-macos-arm64, r-oldrel-macos-x86_64, r-oldrel-windows-ix86+x86_64