CRAN Package Check Results for Package intcensROC

Last updated on 2020-12-05 05:48:16 CET.

Flavor Version Tinstall Tcheck Ttotal Status Flags
r-devel-linux-x86_64-debian-clang 0.1.2 64.32 38.12 102.44 OK
r-devel-linux-x86_64-debian-gcc 0.1.2 42.27 33.68 75.95 OK
r-devel-linux-x86_64-fedora-clang 0.1.2 145.28 NOTE
r-devel-linux-x86_64-fedora-gcc 0.1.2 126.08 OK
r-devel-windows-ix86+x86_64 0.1.2 134.00 72.00 206.00 OK
r-patched-linux-x86_64 0.1.2 49.95 38.78 88.73 OK
r-patched-solaris-x86 0.1.2 115.30 OK
r-release-linux-x86_64 0.1.2 50.24 38.63 88.87 OK
r-release-macos-x86_64 0.1.2 NOTE
r-release-windows-ix86+x86_64 0.1.2 104.00 68.00 172.00 OK
r-oldrel-macos-x86_64 0.1.2 NOTE
r-oldrel-windows-ix86+x86_64 0.1.2 119.00 75.00 194.00 OK

Check Details

Version: 0.1.2
Check: installed package size
Result: NOTE
     installed size is 10.8Mb
     sub-directories of 1Mb or more:
     libs 10.5Mb
Flavors: r-devel-linux-x86_64-fedora-clang, r-release-macos-x86_64, r-oldrel-macos-x86_64