CRAN Package Check Results for Package intensity.analysis

Last updated on 2020-07-09 21:48:31 CEST.

Flavor Version Tinstall Tcheck Ttotal Status Flags
r-devel-linux-x86_64-debian-clang 0.1.6 11.00 124.01 135.01 OK
r-devel-linux-x86_64-debian-gcc 0.1.6 9.87 94.08 103.95 OK
r-devel-linux-x86_64-fedora-clang 0.1.6 171.74 NOTE
r-devel-linux-x86_64-fedora-gcc 0.1.6 163.13 NOTE
r-devel-windows-ix86+x86_64 0.1.6 23.00 130.00 153.00 OK
r-patched-linux-x86_64 0.1.6 8.91 118.64 127.55 OK
r-patched-solaris-x86 0.1.6 229.80 NOTE
r-release-linux-x86_64 0.1.6 10.42 120.59 131.01 OK
r-release-osx-x86_64 0.1.6 FAIL
r-release-windows-ix86+x86_64 0.1.6 22.00 117.00 139.00 OK
r-oldrel-osx-x86_64 0.1.6 NOTE
r-oldrel-windows-ix86+x86_64 0.1.6 32.00 123.00 155.00 OK

Check Details

Version: 0.1.6
Check: dependencies in R code
Result: NOTE
    Namespace in Imports field not imported from: ‘grDevices’
     All declared Imports should be used.
Flavors: r-devel-linux-x86_64-fedora-clang, r-devel-linux-x86_64-fedora-gcc, r-patched-solaris-x86, r-release-osx-x86_64, r-oldrel-osx-x86_64

Version: 0.1.6
Check: running R code from vignettes
Result: ERROR
    Errors in running code in vignettes:
    when running code in ‘README.Rmd’
     ...
    
    Execution halted
    
    ... incomplete output. Crash?
    
     ‘README.Rmd’ using ‘UTF-8’... failed to complete the test
Flavor: r-release-osx-x86_64

Version: 0.1.6
Check: re-building of vignette outputs
Result: FAIL
Flavor: r-release-osx-x86_64