Last updated on 2023-06-06 01:03:30 CEST.
Flavor | Version | Tinstall | Tcheck | Ttotal | Status | Flags |
---|---|---|---|---|---|---|
r-devel-linux-x86_64-debian-clang | 1.1.5 | 9.91 | 293.20 | 303.11 | OK | |
r-devel-linux-x86_64-debian-gcc | 1.1.5 | 7.93 | 217.60 | 225.53 | OK | |
r-devel-linux-x86_64-fedora-clang | 1.1.5 | 371.06 | NOTE | |||
r-devel-linux-x86_64-fedora-gcc | 1.1.5 | 380.20 | OK | |||
r-devel-windows-x86_64 | 1.1.5 | 10.00 | 202.00 | 212.00 | OK | |
r-patched-linux-x86_64 | 1.1.5 | 14.60 | 278.74 | 293.34 | OK | |
r-release-linux-x86_64 | 1.1.5 | 8.55 | 275.80 | 284.35 | OK | |
r-release-macos-arm64 | 1.1.5 | 111.00 | OK | |||
r-release-macos-x86_64 | 1.1.5 | 192.00 | OK | |||
r-release-windows-x86_64 | 1.1.5 | 14.00 | 290.00 | 304.00 | OK | |
r-oldrel-macos-arm64 | 1.1.5 | 95.00 | OK | |||
r-oldrel-macos-x86_64 | 1.1.5 | 173.00 | OK | |||
r-oldrel-windows-x86_64 | 1.1.5 | 13.00 | 284.00 | 297.00 | OK |
Version: 1.1.5
Check: Rd cross-references
Result: NOTE
Undeclared packages ‘quantreg’, ‘effects’, ‘Hmisc’, ‘rockchalk’, ‘pequod’ in Rd xrefs
Flavor: r-devel-linux-x86_64-fedora-clang