CRAN Package Check Results for Package interfr

Last updated on 2022-01-26 04:52:41 CET.

Flavor Version Tinstall Tcheck Ttotal Status Flags
r-devel-linux-x86_64-debian-clang 0.1.0 1.73 33.96 35.69 OK
r-devel-linux-x86_64-debian-gcc 0.1.0 2.29 27.29 29.58 OK
r-devel-linux-x86_64-fedora-clang 0.1.0 45.34 NOTE
r-devel-linux-x86_64-fedora-gcc 0.1.0 34.81 OK
r-devel-windows-x86_64-new-UL 0.1.0 20.00 58.00 78.00 OK
r-devel-windows-x86_64-new-TK 0.1.0 OK
r-patched-linux-x86_64 0.1.0 2.66 32.68 35.34 OK
r-release-linux-x86_64 0.1.0 1.87 32.72 34.59 OK
r-release-macos-arm64 0.1.0 OK
r-release-macos-x86_64 0.1.0 OK
r-release-windows-ix86+x86_64 0.1.0 6.00 46.00 52.00 OK
r-oldrel-macos-x86_64 0.1.0 OK
r-oldrel-windows-ix86+x86_64 0.1.0 6.00 46.00 52.00 OK

Check Details

Version: 0.1.0
Check: Rd cross-references
Result: NOTE
    Undeclared package ‘colorspace’ in Rd xrefs
Flavor: r-devel-linux-x86_64-fedora-clang