CRAN Package Check Results for Package intubate

Last updated on 2019-09-18 09:50:30 CEST.

Flavor Version Tinstall Tcheck Ttotal Status Flags
r-devel-linux-x86_64-debian-clang 1.0.0 3.43 48.38 51.81 NOTE
r-devel-linux-x86_64-debian-gcc 1.0.0 2.55 37.65 40.20 NOTE
r-devel-linux-x86_64-fedora-clang 1.0.0 63.12 OK
r-devel-linux-x86_64-fedora-gcc 1.0.0 62.72 OK
r-devel-windows-ix86+x86_64 1.0.0 12.00 68.00 80.00 NOTE
r-patched-linux-x86_64 1.0.0 3.34 48.83 52.17 OK
r-patched-solaris-x86 1.0.0 80.50 OK
r-release-linux-x86_64 1.0.0 3.31 50.03 53.34 OK
r-release-windows-ix86+x86_64 1.0.0 9.00 89.00 98.00 OK
r-release-osx-x86_64 1.0.0 OK
r-oldrel-windows-ix86+x86_64 1.0.0 5.00 72.00 77.00 OK
r-oldrel-osx-x86_64 1.0.0 OK

Check Details

Version: 1.0.0
Check: package vignettes
Result: NOTE
    Package vignette with placeholder title 'Vignette Title':
     'intubate.Rmd'
Flavors: r-devel-linux-x86_64-debian-clang, r-devel-linux-x86_64-debian-gcc, r-devel-windows-ix86+x86_64