CRAN Package Check Results for Package io

Last updated on 2024-07-24 06:57:17 CEST.

Flavor Version Tinstall Tcheck Ttotal Status Flags
r-devel-linux-x86_64-debian-clang 0.3.2 5.78 42.30 48.08 OK
r-devel-linux-x86_64-debian-gcc 0.3.2 3.69 32.43 36.12 OK
r-devel-linux-x86_64-fedora-clang 0.3.2 61.51 OK
r-devel-linux-x86_64-fedora-gcc 0.3.2 56.44 OK
r-devel-windows-x86_64 0.3.2 6.00 51.00 57.00 OK
r-patched-linux-x86_64 0.3.2 5.55 41.85 47.40 OK
r-release-linux-x86_64 0.3.2 3.73 41.60 45.33 OK
r-release-macos-arm64 0.3.2 20.00 OK
r-release-macos-x86_64 0.3.2 41.00 OK
r-release-windows-x86_64 0.3.2 5.00 52.00 57.00 OK
r-oldrel-macos-arm64 0.3.2 22.00 NOTE
r-oldrel-macos-x86_64 0.3.2 30.00 NOTE
r-oldrel-windows-x86_64 0.3.2 6.00 56.00 62.00 OK

Check Details

Version: 0.3.2
Check: package dependencies
Result: NOTE Package suggested but not available for checking: ‘rhdf5’ Flavors: r-oldrel-macos-arm64, r-oldrel-macos-x86_64