CRAN Package Check Results for Package ip2location

Last updated on 2021-04-15 06:47:47 CEST.

Flavor Version Tinstall Tcheck Ttotal Status Flags
r-devel-linux-x86_64-debian-clang 8.0.0 7.77 60.22 67.99 OK
r-devel-linux-x86_64-debian-gcc 8.0.0 6.25 47.47 53.72 OK
r-devel-linux-x86_64-fedora-clang 8.0.0 90.74 NOTE
r-devel-linux-x86_64-fedora-gcc 8.0.0 80.75 NOTE
r-devel-windows-ix86+x86_64 8.0.0 16.00 82.00 98.00 OK
r-devel-windows-x86_64-gcc10-UCRT 8.0.0 NOTE
r-patched-linux-x86_64 8.0.0 7.71 56.43 64.14 OK
r-patched-solaris-x86 8.0.0 125.00 NOTE
r-release-linux-x86_64 8.0.0 7.35 57.00 64.35 OK
r-release-macos-x86_64 8.0.0 NOTE
r-release-windows-ix86+x86_64 8.0.0 14.00 78.00 92.00 OK
r-oldrel-macos-x86_64 8.0.0 NOTE
r-oldrel-windows-ix86+x86_64 8.0.0 14.00 53.00 67.00 OK

Check Details

Version: 8.0.0
Check: dependencies in R code
Result: NOTE
    Namespace in Imports field not imported from: ‘stringr’
     All declared Imports should be used.
Flavors: r-devel-linux-x86_64-fedora-clang, r-devel-linux-x86_64-fedora-gcc, r-devel-windows-x86_64-gcc10-UCRT, r-patched-solaris-x86, r-release-macos-x86_64, r-oldrel-macos-x86_64