CRAN Package Check Results for Package ipc

Last updated on 2022-06-26 12:54:49 CEST.

Flavor Version Tinstall Tcheck Ttotal Status Flags
r-devel-linux-x86_64-debian-clang 0.1.3 11.29 33.02 44.31 NOTE
r-devel-linux-x86_64-debian-gcc 0.1.3 6.78 25.46 32.24 NOTE
r-devel-linux-x86_64-fedora-clang 0.1.3 62.76 NOTE
r-devel-linux-x86_64-fedora-gcc 0.1.3 61.85 NOTE
r-devel-windows-x86_64 0.1.3 21.00 70.00 91.00 NOTE
r-patched-linux-x86_64 0.1.3 8.50 31.33 39.83 NOTE
r-release-linux-x86_64 0.1.3 9.37 32.06 41.43 NOTE
r-release-macos-arm64 0.1.3 24.00 NOTE
r-release-macos-x86_64 0.1.3 43.00 NOTE
r-release-windows-x86_64 0.1.3 20.00 68.00 88.00 NOTE
r-oldrel-macos-arm64 0.1.3 27.00 NOTE
r-oldrel-macos-x86_64 0.1.3 48.00 NOTE
r-oldrel-windows-ix86+x86_64 0.1.3 17.00 58.00 75.00 NOTE

Check Details

Version: 0.1.3
Check: LazyData
Result: NOTE
     'LazyData' is specified without a 'data' directory
Flavors: r-devel-linux-x86_64-debian-clang, r-devel-linux-x86_64-debian-gcc, r-devel-linux-x86_64-fedora-clang, r-devel-linux-x86_64-fedora-gcc, r-devel-windows-x86_64, r-patched-linux-x86_64, r-release-linux-x86_64, r-release-macos-arm64, r-release-macos-x86_64, r-release-windows-x86_64, r-oldrel-macos-arm64, r-oldrel-macos-x86_64, r-oldrel-windows-ix86+x86_64