CRAN Package Check Results for Package ipmr

Last updated on 2022-09-29 18:48:56 CEST.

Flavor Version Tinstall Tcheck Ttotal Status Flags
r-devel-linux-x86_64-debian-clang 0.0.5 46.18 302.84 349.02 OK
r-devel-linux-x86_64-debian-gcc 0.0.5 34.91 215.89 250.80 OK
r-devel-linux-x86_64-fedora-clang 0.0.5 441.81 NOTE
r-devel-linux-x86_64-fedora-gcc 0.0.5 412.88 OK
r-devel-windows-x86_64 0.0.5 72.00 274.00 346.00 OK
r-patched-linux-x86_64 0.0.5 36.02 271.55 307.57 OK
r-release-linux-x86_64 0.0.5 39.04 278.01 317.05 OK
r-release-macos-arm64 0.0.5 92.00 OK
r-release-macos-x86_64 0.0.5 115.00 OK
r-release-windows-x86_64 0.0.5 72.00 264.00 336.00 OK
r-oldrel-macos-arm64 0.0.5 86.00 OK
r-oldrel-macos-x86_64 0.0.5 144.00 OK
r-oldrel-windows-ix86+x86_64 0.0.5 101.00 425.00 526.00 OK

Check Details

Version: 0.0.5
Check: Rd cross-references
Result: NOTE
    Undeclared package ‘Rpadrino’ in Rd xrefs
Flavor: r-devel-linux-x86_64-fedora-clang