CRAN Package Check Results for Package iptmnetr

Last updated on 2021-04-15 04:48:43 CEST.

Flavor Version Tinstall Tcheck Ttotal Status Flags
r-devel-linux-x86_64-debian-clang 0.1.8 2.25 24.43 26.68 NOTE
r-devel-linux-x86_64-debian-gcc 0.1.8 1.73 19.11 20.84 NOTE
r-devel-linux-x86_64-fedora-clang 0.1.8 42.21 NOTE
r-devel-linux-x86_64-fedora-gcc 0.1.8 31.63 NOTE
r-devel-windows-ix86+x86_64 0.1.8 6.00 45.00 51.00 NOTE
r-devel-windows-x86_64-gcc10-UCRT 0.1.8 NOTE
r-patched-linux-x86_64 0.1.8 2.27 23.34 25.61 OK
r-patched-solaris-x86 0.1.8 48.50 OK
r-release-linux-x86_64 0.1.8 2.23 23.44 25.67 OK
r-release-macos-x86_64 0.1.8 OK
r-release-windows-ix86+x86_64 0.1.8 15.00 44.00 59.00 OK
r-oldrel-macos-x86_64 0.1.8 OK
r-oldrel-windows-ix86+x86_64 0.1.8 5.00 36.00 41.00 OK

Check Details

Version: 0.1.8
Check: LazyData
Result: NOTE
     'LazyData' is specified without a 'data' directory
Flavors: r-devel-linux-x86_64-debian-clang, r-devel-linux-x86_64-debian-gcc, r-devel-linux-x86_64-fedora-clang, r-devel-linux-x86_64-fedora-gcc, r-devel-windows-ix86+x86_64, r-devel-windows-x86_64-gcc10-UCRT