Last updated on 2023-02-02 16:54:02 CET.
Flavor | Version | Tinstall | Tcheck | Ttotal | Status | Flags |
---|---|---|---|---|---|---|
r-devel-linux-x86_64-debian-clang | 0.2.2 | 13.44 | 78.18 | 91.62 | OK | |
r-devel-linux-x86_64-debian-gcc | 0.2.2 | 12.29 | 58.50 | 70.79 | OK | |
r-devel-linux-x86_64-fedora-clang | 0.2.2 | 118.65 | NOTE | |||
r-devel-linux-x86_64-fedora-gcc | 0.2.2 | 127.96 | OK | |||
r-devel-windows-x86_64 | 0.2.2 | 32.00 | 112.00 | 144.00 | NOTE | |
r-patched-linux-x86_64 | 0.2.2 | 13.87 | 75.78 | 89.65 | OK | |
r-release-linux-x86_64 | 0.2.2 | 14.36 | 75.04 | 89.40 | OK | |
r-release-macos-arm64 | 0.2.2 | 48.00 | NOTE | |||
r-release-macos-x86_64 | 0.2.2 | 74.00 | NOTE | |||
r-release-windows-x86_64 | 0.2.2 | 30.00 | 124.00 | 154.00 | NOTE | |
r-oldrel-macos-arm64 | 0.2.2 | 49.00 | NOTE | |||
r-oldrel-macos-x86_64 | 0.2.2 | 70.00 | NOTE | |||
r-oldrel-windows-ix86+x86_64 | 0.2.2 | 38.00 | 105.00 | 143.00 | NOTE |
Version: 0.2.2
Check: installed package size
Result: NOTE
installed size is 12.2Mb
sub-directories of 1Mb or more:
R 11.7Mb
Flavors: r-devel-linux-x86_64-fedora-clang, r-devel-windows-x86_64, r-release-macos-arm64, r-release-macos-x86_64, r-release-windows-x86_64, r-oldrel-macos-arm64, r-oldrel-macos-x86_64, r-oldrel-windows-ix86+x86_64