CRAN Package Check Results for Package iriR

Last updated on 2022-01-29 03:59:25 CET.

Flavor Version Tinstall Tcheck Ttotal Status Flags
r-devel-linux-x86_64-debian-clang 0.2.2 15.14 89.63 104.77 OK
r-devel-linux-x86_64-debian-gcc 0.2.2 11.10 68.06 79.16 OK
r-devel-linux-x86_64-fedora-clang 0.2.2 115.19 NOTE
r-devel-linux-x86_64-fedora-gcc 0.2.2 104.77 OK
r-devel-windows-x86_64-new-UL 0.2.2 45.00 111.00 156.00 NOTE
r-devel-windows-x86_64-new-TK 0.2.2 OK
r-patched-linux-x86_64 0.2.2 11.91 79.58 91.49 OK
r-release-linux-x86_64 0.2.2 12.44 78.17 90.61 OK
r-release-macos-arm64 0.2.2 NOTE
r-release-macos-x86_64 0.2.2 NOTE
r-release-windows-ix86+x86_64 0.2.2 31.00 92.00 123.00 NOTE
r-oldrel-macos-x86_64 0.2.2 NOTE
r-oldrel-windows-ix86+x86_64 0.2.2 36.00 93.00 129.00 NOTE

Check Details

Version: 0.2.2
Check: installed package size
Result: NOTE
     installed size is 12.2Mb
     sub-directories of 1Mb or more:
     R 11.7Mb
Flavors: r-devel-linux-x86_64-fedora-clang, r-devel-windows-x86_64-new-UL, r-release-macos-arm64, r-release-macos-x86_64, r-release-windows-ix86+x86_64, r-oldrel-macos-x86_64, r-oldrel-windows-ix86+x86_64