CRAN Package Check Results for Package irregulAR1

Last updated on 2019-09-18 01:46:57 CEST.

Flavor Version Tinstall Tcheck Ttotal Status Flags
r-devel-linux-x86_64-debian-clang 1.0.0 56.91 56.35 113.26 NOTE
r-devel-linux-x86_64-debian-gcc 1.0.0 48.36 45.29 93.65 NOTE
r-devel-linux-x86_64-fedora-clang 1.0.0 167.60 NOTE
r-devel-linux-x86_64-fedora-gcc 1.0.0 161.43 NOTE
r-devel-windows-ix86+x86_64 1.0.0 160.00 132.00 292.00 OK
r-patched-linux-x86_64 1.0.0 56.58 55.07 111.65 NOTE
r-patched-solaris-x86 1.0.0 189.50 OK
r-release-linux-x86_64 1.0.0 57.62 55.01 112.63 NOTE
r-release-windows-ix86+x86_64 1.0.0 109.00 102.00 211.00 OK
r-release-osx-x86_64 1.0.0 OK
r-oldrel-windows-ix86+x86_64 1.0.0 155.00 91.00 246.00 OK
r-oldrel-osx-x86_64 1.0.0 OK

Check Details

Version: 1.0.0
Check: use of SHLIB_OPENMP_*FLAGS in Makefiles
Result: NOTE
     src/Makevars: SHLIB_OPENMP_CXXFLAGS is included in PKG_CXXFLAGS but not in PKG_LIBS
     src/Makevars: SHLIB_OPENMP_CFLAGS is included in PKG_LIBS but linking is by C++
     src/Makevars.win: SHLIB_OPENMP_CXXFLAGS is included in PKG_CXXFLAGS but not in PKG_LIBS
     src/Makevars.win: SHLIB_OPENMP_CFLAGS is included in PKG_LIBS but linking is by C++
    Use of these macros is discussed in sect 1.2.1.1 of 'Writing R
    Extensions'. The macros for different languages may differ so the
    matching macro must be used in PKG_CXXFLAGS (etc) and match that used
    in PKG_LIBS (except for Fortran: see the manual).
Flavors: r-devel-linux-x86_64-debian-clang, r-devel-linux-x86_64-debian-gcc, r-devel-linux-x86_64-fedora-clang, r-devel-linux-x86_64-fedora-gcc, r-patched-linux-x86_64, r-release-linux-x86_64