CRAN Package Check Results for Package isotree

Last updated on 2024-02-21 01:49:22 CET.

Flavor Version Tinstall Tcheck Ttotal Status Flags
r-devel-linux-x86_64-debian-clang 0.5.24-3 OK
r-devel-linux-x86_64-debian-gcc 0.5.24-3 151.92 41.75 193.67 OK
r-devel-linux-x86_64-fedora-clang 0.5.24-3 302.50 OK
r-devel-linux-x86_64-fedora-gcc 0.5.24-3 407.05 OK
r-devel-windows-x86_64 0.5.24-3 117.00 98.00 215.00 OK
r-patched-linux-x86_64 0.5.24-3 181.00 58.98 239.98 OK
r-release-linux-x86_64 0.5.24-3 179.38 58.30 237.68 OK
r-release-macos-arm64 0.5.24-3 90.00 NOTE
r-release-macos-x86_64 0.5.24-3 193.00 NOTE
r-release-windows-x86_64 0.5.24-3 107.00 110.00 217.00 OK
r-oldrel-macos-arm64 0.5.24-3 69.00 NOTE
r-oldrel-windows-x86_64 0.5.24-3 133.00 101.00 234.00 OK

Check Details

Version: 0.5.24-3
Check: installed package size
Result: NOTE installed size is 13.7Mb sub-directories of 1Mb or more: doc 1.6Mb libs 11.8Mb Flavors: r-release-macos-arm64, r-release-macos-x86_64, r-oldrel-macos-arm64