Last updated on 2023-01-31 19:56:25 CET.
Flavor | Version | Tinstall | Tcheck | Ttotal | Status | Flags |
---|---|---|---|---|---|---|
r-devel-linux-x86_64-debian-clang | 0.5.17 | 165.45 | 61.93 | 227.38 | OK | |
r-devel-linux-x86_64-debian-gcc | 0.5.17 | 146.01 | 42.46 | 188.47 | OK | |
r-devel-linux-x86_64-fedora-clang | 0.5.17 | 306.43 | OK | |||
r-devel-linux-x86_64-fedora-gcc | 0.5.17 | 351.21 | OK | |||
r-devel-windows-x86_64 | 0.5.17 | 144.00 | 123.00 | 267.00 | NOTE | |
r-patched-linux-x86_64 | 0.5.17 | 147.35 | 57.63 | 204.98 | OK | |
r-release-linux-x86_64 | 0.5.17 | 144.12 | 45.79 | 189.91 | OK | |
r-release-macos-arm64 | 0.5.17 | 70.00 | NOTE | |||
r-release-macos-x86_64 | 0.5.17 | 95.00 | NOTE | |||
r-release-windows-x86_64 | 0.5.17 | 119.00 | 121.00 | 240.00 | OK | |
r-oldrel-macos-arm64 | 0.5.17 | 70.00 | NOTE | |||
r-oldrel-macos-x86_64 | 0.5.17 | 125.00 | NOTE | |||
r-oldrel-windows-ix86+x86_64 | 0.5.17 | 308.00 | 116.00 | 424.00 | NOTE |
Version: 0.5.17
Check: C++ specification
Result: NOTE
Specified C++14: please update to current default of C++17
Flavor: r-devel-windows-x86_64
Version: 0.5.17
Check: installed package size
Result: NOTE
installed size is 13.9Mb
sub-directories of 1Mb or more:
doc 1.6Mb
libs 12.1Mb
Flavors: r-release-macos-arm64, r-release-macos-x86_64, r-oldrel-macos-arm64, r-oldrel-macos-x86_64, r-oldrel-windows-ix86+x86_64