CRAN Package Check Results for Package ivitr

Last updated on 2020-12-02 09:51:15 CET.

Flavor Version Tinstall Tcheck Ttotal Status Flags
r-devel-linux-x86_64-debian-clang 0.1.0 3.64 35.71 39.35 NOTE
r-devel-linux-x86_64-debian-gcc 0.1.0 2.75 29.28 32.03 NOTE
r-devel-linux-x86_64-fedora-clang 0.1.0 53.21 NOTE
r-devel-linux-x86_64-fedora-gcc 0.1.0 41.57 NOTE
r-devel-windows-ix86+x86_64 0.1.0 5.00 41.00 46.00 NOTE
r-patched-linux-x86_64 0.1.0 2.63 35.64 38.27 NOTE
r-patched-solaris-x86 0.1.0 65.00 NOTE
r-release-linux-x86_64 0.1.0 2.70 35.43 38.13 NOTE
r-release-macos-x86_64 0.1.0 NOTE
r-release-windows-ix86+x86_64 0.1.0 5.00 39.00 44.00 NOTE
r-oldrel-macos-x86_64 0.1.0 NOTE
r-oldrel-windows-ix86+x86_64 0.1.0 4.00 47.00 51.00 NOTE

Check Details

Version: 0.1.0
Check: package dependencies
Result: NOTE
    Package suggested but not available for checking: 'locClass'
Flavors: r-devel-linux-x86_64-debian-clang, r-devel-linux-x86_64-debian-gcc, r-devel-linux-x86_64-fedora-clang, r-devel-linux-x86_64-fedora-gcc, r-devel-windows-ix86+x86_64, r-patched-linux-x86_64, r-patched-solaris-x86, r-release-linux-x86_64, r-release-macos-x86_64, r-release-windows-ix86+x86_64, r-oldrel-macos-x86_64, r-oldrel-windows-ix86+x86_64