CRAN Package Check Results for Package jackalope

Last updated on 2022-01-24 23:54:31 CET.

Flavor Version Tinstall Tcheck Ttotal Status Flags
r-devel-linux-x86_64-debian-clang 1.1.3 301.08 59.55 360.63 NOTE
r-devel-linux-x86_64-debian-gcc 1.1.3 225.87 45.63 271.50 NOTE
r-devel-linux-x86_64-fedora-clang 1.1.3 551.10 NOTE
r-devel-linux-x86_64-fedora-gcc 1.1.3 499.64 NOTE
r-devel-windows-x86_64-new-UL 1.1.3 341.00 151.00 492.00 NOTE
r-devel-windows-x86_64-new-TK 1.1.3 NOTE
r-patched-linux-x86_64 1.1.3 282.70 58.32 341.02 NOTE
r-release-linux-x86_64 1.1.3 250.11 57.17 307.28 NOTE
r-release-macos-arm64 1.1.3 NOTE
r-release-macos-x86_64 1.1.3 NOTE
r-release-windows-ix86+x86_64 1.1.3 722.00 126.00 848.00 NOTE
r-oldrel-macos-x86_64 1.1.3 NOTE
r-oldrel-windows-ix86+x86_64 1.1.3 725.00 150.00 875.00 NOTE

Check Details

Version: 1.1.3
Check: package dependencies
Result: NOTE
    Packages suggested but not available for checking: 'coala', 'scrm'
Flavors: r-devel-linux-x86_64-debian-clang, r-devel-linux-x86_64-debian-gcc, r-devel-linux-x86_64-fedora-clang, r-devel-linux-x86_64-fedora-gcc, r-devel-windows-x86_64-new-UL, r-devel-windows-x86_64-new-TK, r-patched-linux-x86_64, r-release-linux-x86_64

Version: 1.1.3
Check: for GNU extensions in Makefiles
Result: NOTE
    GNU make is a SystemRequirements.
Flavors: r-devel-linux-x86_64-debian-clang, r-devel-linux-x86_64-debian-gcc, r-devel-linux-x86_64-fedora-clang, r-devel-linux-x86_64-fedora-gcc, r-devel-windows-x86_64-new-UL, r-devel-windows-x86_64-new-TK, r-patched-linux-x86_64, r-release-linux-x86_64, r-release-macos-arm64, r-release-macos-x86_64, r-release-windows-ix86+x86_64, r-oldrel-macos-x86_64, r-oldrel-windows-ix86+x86_64

Version: 1.1.3
Check: installed package size
Result: NOTE
     installed size is 17.7Mb
     sub-directories of 1Mb or more:
     art_profiles 1.5Mb
     libs 15.4Mb
Flavors: r-devel-linux-x86_64-fedora-clang, r-devel-windows-x86_64-new-UL, r-release-macos-arm64, r-release-macos-x86_64, r-release-windows-ix86+x86_64, r-oldrel-macos-x86_64, r-oldrel-windows-ix86+x86_64