CRAN Package Check Results for Package janeaustenr

Last updated on 2019-09-23 20:47:36 CEST.

Flavor Version Tinstall Tcheck Ttotal Status Flags
r-devel-linux-x86_64-debian-clang 0.1.5 3.08 20.39 23.47 OK
r-devel-linux-x86_64-debian-gcc 0.1.5 2.82 16.53 19.35 OK
r-devel-linux-x86_64-fedora-clang 0.1.5 29.17 NOTE
r-devel-linux-x86_64-fedora-gcc 0.1.5 28.55 NOTE
r-devel-windows-ix86+x86_64 0.1.5 11.00 51.00 62.00 OK
r-patched-linux-x86_64 0.1.5 2.73 20.07 22.80 OK
r-patched-solaris-x86 0.1.5 45.00 NOTE
r-release-linux-x86_64 0.1.5 2.80 20.23 23.03 OK
r-release-windows-ix86+x86_64 0.1.5 10.00 51.00 61.00 OK
r-release-osx-x86_64 0.1.5 NOTE
r-oldrel-windows-ix86+x86_64 0.1.5 4.00 34.00 38.00 OK
r-oldrel-osx-x86_64 0.1.5 NOTE

Check Details

Version: 0.1.5
Check: data for non-ASCII characters
Result: NOTE
     Note: found 1 marked UTF-8 string
Flavors: r-devel-linux-x86_64-fedora-clang, r-devel-linux-x86_64-fedora-gcc, r-patched-solaris-x86, r-release-osx-x86_64, r-oldrel-osx-x86_64