CRAN Package Check Results for Package janeaustenr

Last updated on 2020-07-09 21:48:31 CEST.

Flavor Version Tinstall Tcheck Ttotal Status Flags
r-devel-linux-x86_64-debian-clang 0.1.5 3.10 23.19 26.29 OK
r-devel-linux-x86_64-debian-gcc 0.1.5 2.38 18.58 20.96 OK
r-devel-linux-x86_64-fedora-clang 0.1.5 40.83 NOTE
r-devel-linux-x86_64-fedora-gcc 0.1.5 31.56 NOTE
r-devel-windows-ix86+x86_64 0.1.5 6.00 39.00 45.00 OK
r-patched-linux-x86_64 0.1.5 3.38 23.39 26.77 OK
r-patched-solaris-x86 0.1.5 48.20 NOTE
r-release-linux-x86_64 0.1.5 3.11 23.16 26.27 OK
r-release-osx-x86_64 0.1.5 NOTE
r-release-windows-ix86+x86_64 0.1.5 9.00 39.00 48.00 OK
r-oldrel-osx-x86_64 0.1.5 NOTE
r-oldrel-windows-ix86+x86_64 0.1.5 7.00 37.00 44.00 OK

Check Details

Version: 0.1.5
Check: data for non-ASCII characters
Result: NOTE
     Note: found 1 marked UTF-8 string
Flavors: r-devel-linux-x86_64-fedora-clang, r-devel-linux-x86_64-fedora-gcc, r-patched-solaris-x86, r-release-osx-x86_64, r-oldrel-osx-x86_64