CRAN Package Check Results for Package japanmesh

Last updated on 2022-08-15 13:52:02 CEST.

Flavor Version Tinstall Tcheck Ttotal Status Flags
r-devel-linux-x86_64-debian-clang 0.1.1 5.67 46.21 51.88 OK
r-devel-linux-x86_64-debian-gcc 0.1.1 4.42 35.54 39.96 OK
r-devel-linux-x86_64-fedora-clang 0.1.1 74.33 NOTE
r-devel-linux-x86_64-fedora-gcc 0.1.1 72.52 NOTE
r-devel-windows-x86_64 0.1.1 24.00 69.00 93.00 OK
r-patched-linux-x86_64 0.1.1 6.54 44.21 50.75 OK
r-release-linux-x86_64 0.1.1 3.99 44.16 48.15 OK
r-release-macos-arm64 0.1.1 23.00 NOTE
r-release-macos-x86_64 0.1.1 40.00 NOTE
r-release-windows-x86_64 0.1.1 11.00 73.00 84.00 OK
r-oldrel-macos-arm64 0.1.1 126.00 NOTE
r-oldrel-macos-x86_64 0.1.1 32.00 NOTE
r-oldrel-windows-ix86+x86_64 0.1.1 13.00 72.00 85.00 OK

Check Details

Version: 0.1.1
Check: data for non-ASCII characters
Result: NOTE
     Note: found 461377 marked UTF-8 strings
Flavors: r-devel-linux-x86_64-fedora-clang, r-devel-linux-x86_64-fedora-gcc, r-release-macos-arm64, r-release-macos-x86_64, r-oldrel-macos-arm64, r-oldrel-macos-x86_64