CRAN Package Check Results for Package jarbes

Last updated on 2020-11-25 08:50:38 CET.

Flavor Version Tinstall Tcheck Ttotal Status Flags
r-devel-linux-x86_64-debian-clang 1.7.2 4.55 34.66 39.21 OK
r-devel-linux-x86_64-debian-gcc 1.7.2 3.10 27.16 30.26 OK
r-devel-linux-x86_64-fedora-clang 1.7.2 50.52 NOTE
r-devel-linux-x86_64-fedora-gcc 1.7.2 40.56 NOTE
r-devel-windows-ix86+x86_64 1.7.2 8.00 69.00 77.00 OK
r-patched-linux-x86_64 1.7.2 4.11 33.64 37.75 OK
r-patched-solaris-x86 1.7.2 63.90 NOTE
r-release-linux-x86_64 1.7.2 4.14 32.19 36.33 OK
r-release-macos-x86_64 1.7.2 NOTE
r-release-windows-ix86+x86_64 1.7.2 11.00 46.00 57.00 OK
r-oldrel-macos-x86_64 1.7.2 NOTE
r-oldrel-windows-ix86+x86_64 1.7.2 4.00 46.00 50.00 OK

Check Details

Version: 1.7.2
Check: dependencies in R code
Result: NOTE
    Namespaces in Imports field not imported from:
     ‘MASS’ ‘ggExtra’ ‘ggplot2’ ‘grid’ ‘gridExtra’ ‘mcmcplots’
     All declared Imports should be used.
Flavors: r-devel-linux-x86_64-fedora-clang, r-devel-linux-x86_64-fedora-gcc, r-patched-solaris-x86, r-release-macos-x86_64, r-oldrel-macos-x86_64