CRAN Package Check Results for Package jarbes

Last updated on 2022-08-17 16:48:50 CEST.

Flavor Version Tinstall Tcheck Ttotal Status Flags
r-devel-linux-x86_64-debian-clang 2.0.0 10.46 82.03 92.49 OK
r-devel-linux-x86_64-debian-gcc 2.0.0 OK
r-devel-linux-x86_64-fedora-clang 2.0.0 130.11 NOTE
r-devel-linux-x86_64-fedora-gcc 2.0.0 126.01 NOTE
r-devel-windows-x86_64 2.0.0 25.00 100.00 125.00 OK
r-patched-linux-x86_64 2.0.0 6.97 76.00 82.97 OK
r-release-linux-x86_64 2.0.0 6.51 75.89 82.40 OK
r-release-macos-arm64 2.0.0 38.00 NOTE
r-release-macos-x86_64 2.0.0 50.00 NOTE
r-release-windows-x86_64 2.0.0 23.00 113.00 136.00 OK
r-oldrel-macos-arm64 2.0.0 36.00 NOTE
r-oldrel-macos-x86_64 2.0.0 48.00 NOTE
r-oldrel-windows-ix86+x86_64 2.0.0 24.00 106.00 130.00 OK

Check Details

Version: 2.0.0
Check: dependencies in R code
Result: NOTE
    Namespaces in Imports field not imported from:
     ‘grid’ ‘mcmcplots’ ‘tidyverse’
     All declared Imports should be used.
Flavors: r-devel-linux-x86_64-fedora-clang, r-devel-linux-x86_64-fedora-gcc, r-release-macos-arm64, r-release-macos-x86_64, r-oldrel-macos-arm64, r-oldrel-macos-x86_64