CRAN Package Check Results for Package jgcricolors

Last updated on 2023-09-21 11:55:58 CEST.

Flavor Version Tinstall Tcheck Ttotal Status Flags
r-devel-linux-x86_64-debian-clang 1.0.0 2.39 46.23 48.62 OK
r-devel-linux-x86_64-debian-gcc 1.0.0 1.97 34.95 36.92 OK
r-devel-linux-x86_64-fedora-clang 1.0.0 61.69 NOTE
r-devel-linux-x86_64-fedora-gcc 1.0.0 71.79 NOTE
r-devel-windows-x86_64 1.0.0 4.00 58.00 62.00 OK
r-patched-linux-x86_64 1.0.0 2.08 44.83 46.91 OK
r-release-linux-x86_64 1.0.0 2.42 44.80 47.22 OK
r-release-macos-arm64 1.0.0 40.00 OK
r-release-macos-x86_64 1.0.0 45.00 OK
r-release-windows-x86_64 1.0.0 5.00 62.00 67.00 OK
r-oldrel-macos-arm64 1.0.0 30.00 NOTE
r-oldrel-macos-x86_64 1.0.0 48.00 NOTE
r-oldrel-windows-x86_64 1.0.0 7.00 67.00 74.00 OK

Check Details

Version: 1.0.0
Check: dependencies in R code
Result: NOTE
    Namespaces in Imports field not imported from:
     ‘RColorBrewer’ ‘ggplot2’ ‘knitr’ ‘markdown’
     All declared Imports should be used.
Flavors: r-devel-linux-x86_64-fedora-clang, r-devel-linux-x86_64-fedora-gcc, r-oldrel-macos-arm64, r-oldrel-macos-x86_64