CRAN Package Check Results for Package jiebaR

Last updated on 2022-10-02 17:51:43 CEST.

Flavor Version Tinstall Tcheck Ttotal Status Flags
r-devel-linux-x86_64-debian-clang 0.11 76.39 65.04 141.43 OK
r-devel-linux-x86_64-debian-gcc 0.11 61.19 51.28 112.47 OK
r-devel-linux-x86_64-fedora-clang 0.11 217.90 OK
r-devel-linux-x86_64-fedora-gcc 0.11 189.03 OK
r-devel-windows-x86_64 0.11 84.00 123.00 207.00 OK
r-patched-linux-x86_64 0.11 65.30 64.92 130.22 OK
r-release-linux-x86_64 0.11 60.92 63.07 123.99 OK
r-release-macos-arm64 0.11 55.00 NOTE
r-release-macos-x86_64 0.11 76.00 NOTE
r-release-windows-x86_64 0.11 86.00 128.00 214.00 OK
r-oldrel-macos-arm64 0.11 56.00 NOTE
r-oldrel-macos-x86_64 0.11 116.00 NOTE
r-oldrel-windows-ix86+x86_64 0.11 175.00 159.00 334.00 OK

Check Details

Version: 0.11
Check: installed package size
Result: NOTE
     installed size is 5.7Mb
     sub-directories of 1Mb or more:
     libs 5.2Mb
Flavors: r-release-macos-arm64, r-release-macos-x86_64, r-oldrel-macos-arm64, r-oldrel-macos-x86_64