CRAN Package Check Results for Package jmvcore

Last updated on 2020-02-17 17:52:12 CET.

Flavor Version Tinstall Tcheck Ttotal Status Flags
r-devel-linux-x86_64-debian-clang 1.2.5 24.17 32.92 57.09 OK
r-devel-linux-x86_64-debian-gcc 1.2.5 20.53 25.71 46.24 OK
r-devel-linux-x86_64-fedora-clang 1.2.5 74.36 OK
r-devel-linux-x86_64-fedora-gcc 1.2.5 73.20 OK
r-devel-windows-ix86+x86_64 1.2.5 35.00 46.00 81.00 OK
r-devel-windows-ix86+x86_64-gcc8 1.0.8 44.00 66.00 110.00 OK
r-patched-linux-x86_64 1.2.5 20.95 29.94 50.89 OK
r-patched-solaris-x86 1.2.5 87.90 NOTE
r-release-linux-x86_64 1.2.5 22.59 29.45 52.04 OK
r-release-windows-ix86+x86_64 1.2.5 27.00 37.00 64.00 OK
r-release-osx-x86_64 1.2.5 OK
r-oldrel-windows-ix86+x86_64 1.2.5 32.00 54.00 86.00 WARN
r-oldrel-osx-x86_64 1.2.5 OK

Check Details

Version: 1.2.5
Check: package dependencies
Result: NOTE
    Package suggested but not available for checking: ‘RProtoBuf’
Flavor: r-patched-solaris-x86

Version: 1.2.5
Check: whether package can be installed
Result: WARN
    Found the following significant warnings:
     Warning: S3 methods '.DollarNames.Message', '.DollarNames.Descriptor', '.DollarNames.EnumDescriptor', '.DollarNames.EnumValueDescriptor', '.DollarNames.FileDescriptor', '.DollarNames.FieldDescriptor', '.DollarNames.ServiceDescriptor', '.DollarNames.MethodDescriptor', '.DollarNames.ZeroCopyInputStream', '.DollarNames.ZeroCopyOutputStream', 'with.Message', 'within.Message', 'as.list.Message', 'as.list.Descriptor', 'as.list.EnumDescriptor', 'as.list.FileDescriptor', 'as.list.ServiceDescriptor', 'all.equal.Message' were declared in NAMESPACE but not found
Flavor: r-oldrel-windows-ix86+x86_64