CRAN Package Check Results for Package joinXL

Last updated on 2023-11-30 07:52:38 CET.

Flavor Version Tinstall Tcheck Ttotal Status Flags
r-devel-linux-x86_64-debian-clang 1.0.1 8.77 78.10 86.87 NOTE
r-devel-linux-x86_64-debian-gcc 1.0.1 6.86 56.81 63.67 NOTE
r-devel-linux-x86_64-fedora-clang 1.0.1 103.60 NOTE
r-devel-linux-x86_64-fedora-gcc 1.0.1 111.16 NOTE
r-devel-windows-x86_64 1.0.1 8.00 72.00 80.00 NOTE
r-patched-linux-x86_64 1.0.1 4.72 72.72 77.44 NOTE
r-release-linux-x86_64 1.0.1 7.16 72.59 79.75 NOTE
r-release-macos-arm64 1.0.1 34.00 NOTE
r-release-macos-x86_64 1.0.1 61.00 NOTE
r-release-windows-x86_64 1.0.1 10.00 81.00 91.00 NOTE
r-oldrel-macos-arm64 1.0.1 30.00 NOTE
r-oldrel-macos-x86_64 1.0.1 55.00 NOTE
r-oldrel-windows-x86_64 1.0.1 10.00 84.00 94.00 NOTE

Check Details

Version: 1.0.1
Check: LazyData
Result: NOTE 'LazyData' is specified without a 'data' directory Flavors: r-devel-linux-x86_64-debian-clang, r-devel-linux-x86_64-debian-gcc, r-devel-linux-x86_64-fedora-clang, r-devel-linux-x86_64-fedora-gcc, r-devel-windows-x86_64, r-patched-linux-x86_64, r-release-linux-x86_64, r-release-macos-arm64, r-release-macos-x86_64, r-release-windows-x86_64, r-oldrel-macos-arm64, r-oldrel-macos-x86_64, r-oldrel-windows-x86_64