CRAN Package Check Results for Package joinXL

Last updated on 2025-01-21 19:49:31 CET.

Flavor Version Tinstall Tcheck Ttotal Status Flags
r-devel-linux-x86_64-debian-clang 1.0.1 6.62 61.16 67.78 OK
r-devel-linux-x86_64-debian-gcc 1.0.1 5.03 43.13 48.16 OK
r-devel-linux-x86_64-fedora-clang 1.0.1 111.02 OK
r-devel-linux-x86_64-fedora-gcc 1.0.1 112.36 OK
r-devel-windows-x86_64 1.0.1 8.00 71.00 79.00 OK
r-patched-linux-x86_64 1.0.1 5.30 56.02 61.32 NOTE
r-release-linux-x86_64 1.0.1 6.23 56.06 62.29 NOTE
r-release-macos-arm64 1.0.1 37.00 NOTE
r-release-macos-x86_64 1.0.1 56.00 NOTE
r-release-windows-x86_64 1.0.1 8.00 71.00 79.00 NOTE
r-oldrel-macos-arm64 1.0.1 34.00 NOTE
r-oldrel-macos-x86_64 1.0.1 61.00 NOTE
r-oldrel-windows-x86_64 1.0.1 9.00 79.00 88.00 NOTE

Check Details

Version: 1.0.1
Check: LazyData
Result: NOTE 'LazyData' is specified without a 'data' directory Flavors: r-patched-linux-x86_64, r-release-linux-x86_64, r-release-macos-arm64, r-release-macos-x86_64, r-release-windows-x86_64, r-oldrel-macos-arm64, r-oldrel-macos-x86_64, r-oldrel-windows-x86_64