CRAN Package Check Results for Package joinet

Last updated on 2022-06-25 23:56:20 CEST.

Flavor Version Tinstall Tcheck Ttotal Status Flags
r-devel-linux-x86_64-debian-clang 0.0.10 3.03 73.11 76.14 NOTE
r-devel-linux-x86_64-debian-gcc 0.0.10 2.44 54.50 56.94 NOTE
r-devel-linux-x86_64-fedora-clang 0.0.10 98.76 NOTE
r-devel-linux-x86_64-fedora-gcc 0.0.10 98.39 NOTE
r-devel-windows-x86_64 0.0.10 14.00 111.00 125.00 NOTE
r-patched-linux-x86_64 0.0.10 2.47 68.75 71.22 NOTE
r-release-linux-x86_64 0.0.10 2.36 69.87 72.23 NOTE
r-release-macos-arm64 0.0.10 32.00 NOTE
r-release-macos-x86_64 0.0.10 43.00 NOTE
r-release-windows-x86_64 0.0.10 14.00 107.00 121.00 NOTE
r-oldrel-macos-arm64 0.0.10 39.00 NOTE
r-oldrel-macos-x86_64 0.0.10 45.00 NOTE
r-oldrel-windows-ix86+x86_64 0.0.10 7.00 94.00 101.00 OK

Check Details

Version: 0.0.10
Check: package dependencies
Result: NOTE
    Package which this enhances but not available for checking: 'remMap'
Flavors: r-devel-linux-x86_64-debian-clang, r-devel-linux-x86_64-debian-gcc, r-devel-linux-x86_64-fedora-clang, r-devel-linux-x86_64-fedora-gcc, r-devel-windows-x86_64, r-patched-linux-x86_64, r-release-linux-x86_64, r-release-macos-arm64, r-release-windows-x86_64

Version: 0.0.10
Check: package dependencies
Result: NOTE
    Packages which this enhances but not available for checking:
     'remMap', 'MultivariateRandomForest'
Flavor: r-release-macos-x86_64

Version: 0.0.10
Check: package dependencies
Result: NOTE
    Package which this enhances but not available for checking: ‘MRCE’
Flavors: r-oldrel-macos-arm64, r-oldrel-macos-x86_64