CRAN Package Check Results for Package jsTreeR

Last updated on 2021-04-16 09:50:05 CEST.

Flavor Version Tinstall Tcheck Ttotal Status Flags
r-devel-linux-x86_64-debian-clang 1.2.0 4.83 45.17 50.00 OK
r-devel-linux-x86_64-debian-gcc 1.2.0 4.14 35.03 39.17 OK
r-devel-linux-x86_64-fedora-clang 1.2.0 67.62 NOTE
r-devel-linux-x86_64-fedora-gcc 1.2.0 57.99 NOTE
r-devel-windows-ix86+x86_64 1.2.0 16.00 75.00 91.00 OK
r-devel-windows-x86_64-gcc10-UCRT 1.2.0 NOTE
r-patched-linux-x86_64 1.2.0 5.82 44.05 49.87 OK
r-patched-solaris-x86 1.2.0 92.20 NOTE
r-release-linux-x86_64 1.2.0 4.62 43.59 48.21 OK
r-release-macos-x86_64 1.2.0 NOTE
r-release-windows-ix86+x86_64 1.2.0 25.00 74.00 99.00 OK
r-oldrel-macos-x86_64 1.2.0 NOTE
r-oldrel-windows-ix86+x86_64 1.2.0 9.00 69.00 78.00 OK

Check Details

Version: 1.2.0
Check: data for non-ASCII characters
Result: NOTE
     Note: found 17 marked UTF-8 strings
Flavors: r-devel-linux-x86_64-fedora-clang, r-devel-linux-x86_64-fedora-gcc, r-devel-windows-x86_64-gcc10-UCRT, r-patched-solaris-x86, r-release-macos-x86_64, r-oldrel-macos-x86_64