CRAN Package Check Results for Package jsonlite

Last updated on 2019-12-14 23:47:24 CET.

Flavor Version Tinstall Tcheck Ttotal Status Flags
r-devel-linux-x86_64-debian-clang 1.6 7.40 46.21 53.61 OK
r-devel-linux-x86_64-debian-gcc 1.6 5.56 36.69 42.25 OK
r-devel-linux-x86_64-fedora-clang 1.6 69.49 OK
r-devel-linux-x86_64-fedora-gcc 1.6 66.96 OK
r-devel-windows-ix86+x86_64 1.6 42.00 100.00 142.00 OK
r-devel-windows-ix86+x86_64-gcc8 1.6 36.00 110.00 146.00 OK
r-patched-linux-x86_64 1.6 4.61 43.42 48.03 OK
r-patched-solaris-x86 1.6 81.60 WARN
r-release-linux-x86_64 1.6 6.11 43.48 49.59 OK
r-release-windows-ix86+x86_64 1.6 61.00 77.00 138.00 OK
r-release-osx-x86_64 1.6 OK
r-oldrel-windows-ix86+x86_64 1.6 38.00 68.00 106.00 OK
r-oldrel-osx-x86_64 1.6 OK

Additional issues

LTO

Check Details

Version: 1.6
Check: for unstated dependencies in ‘tests’
Result: WARN
    Warning in deparse(e[[2L]]) :
     it is not known that wchar_t is Unicode on this platform
    Warning in deparse(e[[2L]]) :
     it is not known that wchar_t is Unicode on this platform
    Warning in deparse(e[[2L]]) :
     it is not known that wchar_t is Unicode on this platform
    Warning in deparse(e[[2L]]) :
     it is not known that wchar_t is Unicode on this platform
    Warning in deparse(e[[2L]]) :
     it is not known that wchar_t is Unicode on this platform
    Warning in deparse(e[[2L]]) :
     it is not known that wchar_t is Unicode on this platform
    Warning in deparse(e[[2L]]) :
     it is not known that wchar_t is Unicode on this platform
    Warning in deparse(e[[2L]]) :
     it is not known that wchar_t is Unicode on this platform
    Warning in deparse(e[[2L]]) :
     it is not known that wchar_t is Unicode on this platform
    Warning in deparse(e[[2L]]) :
     it is not known that wchar_t is Unicode on this platform
Flavor: r-patched-solaris-x86