CRAN Package Check Results for Package keras

Last updated on 2024-06-12 18:59:41 CEST.

Flavor Version Tinstall Tcheck Ttotal Status Flags
r-devel-linux-x86_64-debian-clang 2.15.0 25.37 246.82 272.19 OK
r-devel-linux-x86_64-debian-gcc 2.15.0 1.27 1.84 3.11 ERROR
r-devel-linux-x86_64-fedora-clang 2.15.0 344.52 OK
r-devel-linux-x86_64-fedora-gcc 2.15.0 345.28 OK
r-devel-windows-x86_64 2.15.0 25.00 272.00 297.00 OK
r-patched-linux-x86_64 2.15.0 47.57 246.12 293.69 OK
r-release-linux-x86_64 2.15.0 19.86 238.77 258.63 OK
r-release-macos-arm64 2.15.0 124.00 OK
r-release-macos-x86_64 2.15.0 175.00 NOTE
r-release-windows-x86_64 2.15.0 25.00 272.00 297.00 OK
r-oldrel-macos-arm64 2.15.0 107.00 OK
r-oldrel-macos-x86_64 2.15.0 222.00 NOTE
r-oldrel-windows-x86_64 2.15.0 31.00 322.00 353.00 OK

Check Details

Version: 2.15.0
Check: package dependencies
Result: ERROR Packages required but not available: 'tensorflow', 'tfruns' Packages suggested but not available for checking: 'ggplot2', 'testthat', 'tfdatasets' See section ‘The DESCRIPTION file’ in the ‘Writing R Extensions’ manual. Flavor: r-devel-linux-x86_64-debian-gcc

Version: 2.15.0
Check: installed package size
Result: NOTE installed size is 5.0Mb sub-directories of 1Mb or more: doc 2.0Mb help 2.1Mb Flavors: r-release-macos-x86_64, r-oldrel-macos-x86_64