Last updated on 2021-01-27 13:48:50 CET.
Flavor | Version | Tinstall | Tcheck | Ttotal | Status | Flags |
---|---|---|---|---|---|---|
r-devel-linux-x86_64-debian-clang | 1.1.0 | 10.83 | 30.00 | 40.83 | OK | |
r-devel-linux-x86_64-debian-gcc | 1.1.0 | OK | ||||
r-devel-linux-x86_64-fedora-clang | 1.1.0 | 58.96 | NOTE | |||
r-devel-linux-x86_64-fedora-gcc | 1.1.0 | 56.66 | NOTE | |||
r-devel-windows-ix86+x86_64 | 1.1.0 | 21.00 | 46.00 | 67.00 | OK | |
r-patched-linux-x86_64 | 1.1.0 | 10.18 | 29.48 | 39.66 | OK | |
r-patched-solaris-x86 | 1.1.0 | 66.60 | OK | |||
r-release-linux-x86_64 | 1.1.0 | 8.85 | 29.66 | 38.51 | OK | |
r-release-macos-x86_64 | 1.1.0 | OK | ||||
r-release-windows-ix86+x86_64 | 1.1.0 | 22.00 | 44.00 | 66.00 | OK | |
r-oldrel-macos-x86_64 | 1.1.0 | OK | ||||
r-oldrel-windows-ix86+x86_64 | 1.1.0 | 15.00 | 46.00 | 61.00 | OK |
Version: 1.1.0
Check: top-level files
Result: NOTE
‘configure’: /bin/bash is not portable
Flavors: r-devel-linux-x86_64-fedora-clang, r-devel-linux-x86_64-fedora-gcc