CRAN Package Check Results for Package kindisperse

Last updated on 2021-08-02 09:54:09 CEST.

Flavor Version Tinstall Tcheck Ttotal Status Flags
r-devel-linux-x86_64-debian-clang 0.10.2 12.28 122.64 134.92 OK
r-devel-linux-x86_64-debian-gcc 0.10.2 11.50 90.19 101.69 OK
r-devel-linux-x86_64-fedora-clang 0.10.2 164.80 NOTE
r-devel-linux-x86_64-fedora-gcc 0.10.2 155.71 NOTE
r-devel-windows-x86_64 0.10.2 22.00 164.00 186.00 OK
r-devel-windows-x86_64-gcc10-UCRT 0.10.2 NOTE
r-patched-linux-x86_64 0.10.2 OK
r-patched-solaris-x86 0.10.2 214.10 NOTE
r-release-linux-x86_64 0.10.2 12.65 115.72 128.37 OK
r-release-macos-arm64 0.10.2 NOTE
r-release-macos-x86_64 0.10.2 NOTE
r-release-windows-ix86+x86_64 0.10.1 30.00 181.00 211.00 OK
r-oldrel-macos-x86_64 0.10.2 NOTE
r-oldrel-windows-ix86+x86_64 0.10.2 3.00 6.00 9.00 ERROR

Check Details

Version: 0.10.2
Check: dependencies in R code
Result: NOTE
    Namespaces in Imports field not imported from:
     ‘fitdistrplus’ ‘plotly’
     All declared Imports should be used.
Flavors: r-devel-linux-x86_64-fedora-clang, r-devel-linux-x86_64-fedora-gcc, r-devel-windows-x86_64-gcc10-UCRT, r-patched-solaris-x86, r-release-macos-arm64, r-release-macos-x86_64, r-oldrel-macos-x86_64

Version: 0.10.2
Check: whether package can be installed
Result: ERROR
    Installation failed.
Flavor: r-oldrel-windows-ix86+x86_64