CRAN Package Check Results for Package kissmig

Last updated on 2021-10-28 10:51:39 CEST.

Flavor Version Tinstall Tcheck Ttotal Status Flags
r-devel-linux-x86_64-debian-clang 1.0-3 22.95 205.47 228.42 NOTE
r-devel-linux-x86_64-debian-gcc 1.0-3 18.84 148.24 167.08 NOTE
r-devel-linux-x86_64-fedora-clang 1.0-3 275.13 NOTE
r-devel-linux-x86_64-fedora-gcc 1.0-3 266.39 NOTE
r-devel-windows-x86_64 1.0-3 35.00 168.00 203.00 NOTE
r-devel-windows-x86_64-gcc10-UCRT 1.0-3 NOTE
r-patched-linux-x86_64 1.0-3 19.97 194.95 214.92 NOTE
r-patched-solaris-x86 1.0-3 140.20 NOTE
r-release-linux-x86_64 1.0-3 22.08 194.01 216.09 NOTE
r-release-macos-arm64 1.0-3 NOTE
r-release-macos-x86_64 1.0-3 NOTE
r-release-windows-ix86+x86_64 1.0-3 37.00 294.00 331.00 NOTE
r-oldrel-macos-x86_64 1.0-3 NOTE
r-oldrel-windows-ix86+x86_64 1.0-3 41.00 299.00 340.00 NOTE

Check Details

Version: 1.0-3
Check: R code for possible problems
Result: NOTE
    kissmigDummyS: no visible global function definition for 'dnorm'
    Undefined global functions or variables:
     dnorm
    Consider adding
     importFrom("stats", "dnorm")
    to your NAMESPACE file.
Flavors: r-devel-linux-x86_64-debian-clang, r-devel-linux-x86_64-debian-gcc, r-devel-linux-x86_64-fedora-clang, r-devel-linux-x86_64-fedora-gcc, r-devel-windows-x86_64, r-devel-windows-x86_64-gcc10-UCRT, r-patched-linux-x86_64, r-patched-solaris-x86, r-release-linux-x86_64, r-release-macos-arm64, r-release-macos-x86_64, r-release-windows-ix86+x86_64, r-oldrel-macos-x86_64, r-oldrel-windows-ix86+x86_64

Version: 1.0-3
Check: compiled code
Result: NOTE
    File ‘kissmig/libs/kissmig.so’:
     Found no calls to: ‘R_registerRoutines’, ‘R_useDynamicSymbols’
    
    It is good practice to register native routines and to disable symbol
    search.
    
    See ‘Writing portable packages’ in the ‘Writing R Extensions’ manual.
Flavors: r-devel-linux-x86_64-fedora-clang, r-devel-linux-x86_64-fedora-gcc